{"id":17292,"date":"2024-10-09T14:38:29","date_gmt":"2024-10-09T12:38:29","guid":{"rendered":"https:\/\/shop.elia-gr.ro\/?post_type=product&#038;p=17292"},"modified":"2025-08-12T19:46:37","modified_gmt":"2025-08-12T17:46:37","slug":"ulei-de-masline-virgin-sticla-minoas-750ml","status":"publish","type":"product","link":"https:\/\/shop.elia-gr.ro\/index.php\/product\/ulei-de-masline-virgin-sticla-minoas-750ml\/","title":{"rendered":"Ulei de m\u0103sline virgin sticl\u0103 Minoas 750ml"},"content":{"rendered":"<p>Aroma profund\u0103, bogat\u0103, a uleiului de m\u0103sline virgin\u00a0<strong>MINOAS,<\/strong>\u00a0acest aur lichid din \u00eensorita Creta, insula celebr\u0103 a Greciei, patria uleiului de m\u0103sline, este de neconfundat pentru cunosc\u0103tori. Ob\u021binut prin presarea la rece \u0219i numai prin mijloace mecanice, din m\u0103sline proasp\u0103t culese, cultivate pe solul st\u00e2ncos al Cretei, bucur\u00e2ndu-se de cre\u0219tere \u0219i maturizare \u00eentr-un climat ideal, f\u0103r\u0103 fluctua\u021bii mari de temperatur\u0103, uleiul\u00a0<strong>MINOAS<\/strong>, beneficiaz\u0103 din plin de experien\u021ba de 2000 de ani a produc\u0103torilor greci de ulei.<\/p>\n<p>Uleiul de m\u0103sline\u00a0<strong>MINOAS<\/strong>\u00a0este virgin natural, produs numai din m\u0103slini din Creta, insula mare a Greciei. Are propriet\u0103\u021bi deosebite, o arom\u0103 bogat\u0103 care se combin\u0103 armonios cu gustul de m\u0103slin\u0103 f\u0103r\u0103 s\u0103 fie amar sau acid.<\/p>\n<p>Uleiul de m\u0103sline virgin\u00a0<strong>MINOAS<\/strong>\u00a0este apreciat pentru o deosebit\u0103 calitate. Are gust bogat \u0219i adaug\u0103 o arom\u0103 deosebit\u0103 alimentelor. Ideal pentru g\u0103tit, pentru gr\u0103tar, salate, sandvi\u0219uri \u0219i \u00eendeosebi amestecat cu l\u0103m\u00e2ie (ladolemono) pentru pe\u0219te.<\/p>\n<ul>\n<li>Nu se recomand\u0103 la pr\u0103jit, dec\u00e2t la rumenit.<\/li>\n<\/ul>\n<p>Este cea mai s\u0103n\u0103toas\u0103 surs\u0103 de gr\u0103sime existent\u0103, potolind foamea \u0219i av\u00e2nd multe beneficii asupra organismului uman, cum ar fi:<\/p>\n<ul>\n<li>face arterele mai elastice \u2013 reduce nivelul colesterolului r\u0103u \u2013 \u00eembun\u0103t\u0103\u021be\u0219te digestia \u2013 protejeaz\u0103 ficatul<\/li>\n<li>protejeaz\u0103 celulele ro\u0219ii din s\u00e2nge \u0219i inima \u2013 reduce accidentul vascular la minim persoanelor \u00een v\u00e2rst\u0103<\/li>\n<li>previne atacul de cord \u2013 scade tensiunea arterial\u0103 \u2013 \u00eembun\u0103t\u0103\u021be\u0219te memoria\u2013 previne apari\u021bia depresiei<\/li>\n<li>previne \u00eemb\u0103tr\u00e2nirea pielii \u2013 \u00eenfrumuse\u021beaz\u0103 p\u0103rul<\/li>\n<\/ul>\n<p>\u0218i lista poate continua la nesf\u00e2r\u0219it\u2026.<\/p>\n<p>Uleiul de m\u0103sline virgin MINOAS este ob\u021binut prin presarea la rece si numai cu mijloace mecanice, rezult\u00e2nd astfel un ulei de m\u0103sline virgin de o calitate \u0219i de un gust deosebit, cu o arom\u0103 bogata de m\u0103sline. Ulei de m\u0103sline de<br \/>\ncalitate superioar\u0103 extras direct, exclusiv din m\u0103sline si obtinut prin procedee mecanice.<\/p>\n<p>Valoarea nutritiv\u0103 f\u0103r\u0103 egal a uleiului de m\u0103sline a fost dovedit\u0103 stiintific prin cercet\u0103ri bine documentate. Uleiul de m\u0103sline cretan, din vremurile minoice antice \u0219i p\u00e2n\u0103 \u00een zilele noastre, este un ingredient major al dietei<br \/>\ncretane, care a devenit un standard global de alimentatie s\u0103n\u0103toas\u0103.<\/p>\n","protected":false},"excerpt":{"rendered":"<p>Aroma profund\u0103, bogat\u0103, a uleiului de m\u0103sline virgin\u00a0MINOAS,\u00a0acest aur lichid din \u00eensorita Creta, insula celebr\u0103 a Greciei, patria uleiului de m\u0103sline, este de neconfundat pentru cunosc\u0103tori. Ob\u021binut prin presarea la rece \u0219i numai prin mijloace mecanice, din m\u0103sline proasp\u0103t culese, &hellip; <a href=\"https:\/\/shop.elia-gr.ro\/index.php\/product\/ulei-de-masline-virgin-sticla-minoas-750ml\/\">Readmore<\/a><\/p>\n","protected":false},"featured_media":17293,"comment_status":"open","ping_status":"closed","template":"","meta":[],"product_cat":[141],"product_tag":[149],"class_list":{"0":"post-17292","1":"product","2":"type-product","3":"status-publish","4":"has-post-thumbnail","6":"product_brand-minoas","7":"product_cat-ulei-de-masline","8":"product_tag-ulei-de-masline-virgin","10":"first","11":"outofstock","12":"featured","13":"shipping-taxable","14":"purchasable","15":"product-type-simple"},"yoast_head":"<!-- This site is optimized with the Yoast SEO plugin v27.5 - https:\/\/yoast.com\/product\/yoast-seo-wordpress\/ -->\n<title>Ulei de m\u0103sline virgin sticl\u0103 Minoas 750ml - Elia Grecia<\/title>\n<meta name=\"description\" content=\"Ulei de m\u0103sline virgin sticl\u0103 Minoas 750ml. Aroma profund\u0103, bogat\u0103, a uleiului de m\u0103sline virgin\u00a0MINOAS,\u00a0acest aur lichid din \u00eensorita Creta\" \/>\n<meta name=\"robots\" content=\"index, follow, max-snippet:-1, max-image-preview:large, max-video-preview:-1\" \/>\n<meta property=\"og:locale\" content=\"ro_RO\" \/>\n<meta property=\"og:type\" content=\"article\" \/>\n<meta property=\"og:title\" content=\"Ulei de m\u0103sline virgin sticl\u0103 Minoas 750ml - Elia Grecia\" \/>\n<meta property=\"og:description\" content=\"Ulei de m\u0103sline virgin sticl\u0103 Minoas 750ml. Aroma profund\u0103, bogat\u0103, a uleiului de m\u0103sline virgin\u00a0MINOAS,\u00a0acest aur lichid din \u00eensorita Creta\" \/>\n<meta property=\"og:url\" content=\"https:\/\/shop.elia-gr.ro\/index.php\/product\/ulei-de-masline-virgin-sticla-minoas-750ml\/\" \/>\n<meta property=\"og:site_name\" content=\"Elia Grecia\" \/>\n<meta property=\"article:publisher\" content=\"https:\/\/www.facebook.com\/profile.php?id=100063888292671\" \/>\n<meta property=\"article:modified_time\" content=\"2025-08-12T17:46:37+00:00\" \/>\n<meta property=\"og:image\" content=\"https:\/\/shop.elia-gr.ro\/wp-content\/uploads\/2024\/10\/ulei-de-masline-virgin-750-mnoas.webp\" \/>\n\t<meta property=\"og:image:width\" content=\"800\" \/>\n\t<meta property=\"og:image:height\" content=\"960\" \/>\n\t<meta property=\"og:image:type\" content=\"image\/webp\" \/>\n<meta name=\"twitter:card\" content=\"summary_large_image\" \/>\n<meta name=\"twitter:label1\" content=\"Timp estimat pentru citire\" \/>\n\t<meta name=\"twitter:data1\" content=\"2 minute\" \/>\n<!-- \/ Yoast SEO plugin. -->","yoast_head_json":{"title":"Ulei de m\u0103sline virgin sticl\u0103 Minoas 750ml - Elia Grecia","description":"Ulei de m\u0103sline virgin sticl\u0103 Minoas 750ml. Aroma profund\u0103, bogat\u0103, a uleiului de m\u0103sline virgin\u00a0MINOAS,\u00a0acest aur lichid din \u00eensorita Creta","robots":{"index":"index","follow":"follow","max-snippet":"max-snippet:-1","max-image-preview":"max-image-preview:large","max-video-preview":"max-video-preview:-1"},"og_locale":"ro_RO","og_type":"article","og_title":"Ulei de m\u0103sline virgin sticl\u0103 Minoas 750ml - Elia Grecia","og_description":"Ulei de m\u0103sline virgin sticl\u0103 Minoas 750ml. Aroma profund\u0103, bogat\u0103, a uleiului de m\u0103sline virgin\u00a0MINOAS,\u00a0acest aur lichid din \u00eensorita Creta","og_url":"https:\/\/shop.elia-gr.ro\/index.php\/product\/ulei-de-masline-virgin-sticla-minoas-750ml\/","og_site_name":"Elia Grecia","article_publisher":"https:\/\/www.facebook.com\/profile.php?id=100063888292671","article_modified_time":"2025-08-12T17:46:37+00:00","og_image":[{"width":800,"height":960,"url":"https:\/\/shop.elia-gr.ro\/wp-content\/uploads\/2024\/10\/ulei-de-masline-virgin-750-mnoas.webp","type":"image\/webp"}],"twitter_card":"summary_large_image","twitter_misc":{"Timp estimat pentru citire":"2 minute"},"schema":{"@context":"https:\/\/schema.org","@graph":[{"@type":"WebPage","@id":"https:\/\/shop.elia-gr.ro\/index.php\/product\/ulei-de-masline-virgin-sticla-minoas-750ml\/","url":"https:\/\/shop.elia-gr.ro\/index.php\/product\/ulei-de-masline-virgin-sticla-minoas-750ml\/","name":"Ulei de m\u0103sline virgin sticl\u0103 Minoas 750ml - Elia Grecia","isPartOf":{"@id":"https:\/\/shop.elia-gr.ro\/#website"},"primaryImageOfPage":{"@id":"https:\/\/shop.elia-gr.ro\/index.php\/product\/ulei-de-masline-virgin-sticla-minoas-750ml\/#primaryimage"},"image":{"@id":"https:\/\/shop.elia-gr.ro\/index.php\/product\/ulei-de-masline-virgin-sticla-minoas-750ml\/#primaryimage"},"thumbnailUrl":"https:\/\/shop.elia-gr.ro\/wp-content\/uploads\/2024\/10\/ulei-de-masline-virgin-750-mnoas.webp","datePublished":"2024-10-09T12:38:29+00:00","dateModified":"2025-08-12T17:46:37+00:00","description":"Ulei de m\u0103sline virgin sticl\u0103 Minoas 750ml. Aroma profund\u0103, bogat\u0103, a uleiului de m\u0103sline virgin\u00a0MINOAS,\u00a0acest aur lichid din \u00eensorita Creta","breadcrumb":{"@id":"https:\/\/shop.elia-gr.ro\/index.php\/product\/ulei-de-masline-virgin-sticla-minoas-750ml\/#breadcrumb"},"inLanguage":"ro-RO","potentialAction":[{"@type":"ReadAction","target":["https:\/\/shop.elia-gr.ro\/index.php\/product\/ulei-de-masline-virgin-sticla-minoas-750ml\/"]}]},{"@type":"ImageObject","inLanguage":"ro-RO","@id":"https:\/\/shop.elia-gr.ro\/index.php\/product\/ulei-de-masline-virgin-sticla-minoas-750ml\/#primaryimage","url":"https:\/\/shop.elia-gr.ro\/wp-content\/uploads\/2024\/10\/ulei-de-masline-virgin-750-mnoas.webp","contentUrl":"https:\/\/shop.elia-gr.ro\/wp-content\/uploads\/2024\/10\/ulei-de-masline-virgin-750-mnoas.webp","width":800,"height":960},{"@type":"BreadcrumbList","@id":"https:\/\/shop.elia-gr.ro\/index.php\/product\/ulei-de-masline-virgin-sticla-minoas-750ml\/#breadcrumb","itemListElement":[{"@type":"ListItem","position":1,"name":"Home","item":"https:\/\/shop.elia-gr.ro\/"},{"@type":"ListItem","position":2,"name":"Shop","item":"https:\/\/shop.elia-gr.ro\/index.php\/shop\/"},{"@type":"ListItem","position":3,"name":"Ulei de m\u0103sline virgin sticl\u0103 Minoas 750ml"}]},{"@type":"WebSite","@id":"https:\/\/shop.elia-gr.ro\/#website","url":"https:\/\/shop.elia-gr.ro\/","name":"Elia Grecia","description":"Cele mai bune produse grece\u0219ti pentru tine!","publisher":{"@id":"https:\/\/shop.elia-gr.ro\/#organization"},"potentialAction":[{"@type":"SearchAction","target":{"@type":"EntryPoint","urlTemplate":"https:\/\/shop.elia-gr.ro\/?s={search_term_string}"},"query-input":{"@type":"PropertyValueSpecification","valueRequired":true,"valueName":"search_term_string"}}],"inLanguage":"ro-RO"},{"@type":"Organization","@id":"https:\/\/shop.elia-gr.ro\/#organization","name":"Elia Grecia","url":"https:\/\/shop.elia-gr.ro\/","logo":{"@type":"ImageObject","inLanguage":"ro-RO","@id":"https:\/\/shop.elia-gr.ro\/#\/schema\/logo\/image\/","url":"https:\/\/shop.elia-gr.ro\/wp-content\/uploads\/2024\/09\/new_logo_elia_shop-1.webp","contentUrl":"https:\/\/shop.elia-gr.ro\/wp-content\/uploads\/2024\/09\/new_logo_elia_shop-1.webp","width":141,"height":50,"caption":"Elia Grecia"},"image":{"@id":"https:\/\/shop.elia-gr.ro\/#\/schema\/logo\/image\/"},"sameAs":["https:\/\/www.facebook.com\/profile.php?id=100063888292671"]}]}},"jetpack_sharing_enabled":true,"_links":{"self":[{"href":"https:\/\/shop.elia-gr.ro\/index.php\/wp-json\/wp\/v2\/product\/17292","targetHints":{"allow":["GET"]}}],"collection":[{"href":"https:\/\/shop.elia-gr.ro\/index.php\/wp-json\/wp\/v2\/product"}],"about":[{"href":"https:\/\/shop.elia-gr.ro\/index.php\/wp-json\/wp\/v2\/types\/product"}],"replies":[{"embeddable":true,"href":"https:\/\/shop.elia-gr.ro\/index.php\/wp-json\/wp\/v2\/comments?post=17292"}],"version-history":[{"count":2,"href":"https:\/\/shop.elia-gr.ro\/index.php\/wp-json\/wp\/v2\/product\/17292\/revisions"}],"predecessor-version":[{"id":17469,"href":"https:\/\/shop.elia-gr.ro\/index.php\/wp-json\/wp\/v2\/product\/17292\/revisions\/17469"}],"wp:featuredmedia":[{"embeddable":true,"href":"https:\/\/shop.elia-gr.ro\/index.php\/wp-json\/wp\/v2\/media\/17293"}],"wp:attachment":[{"href":"https:\/\/shop.elia-gr.ro\/index.php\/wp-json\/wp\/v2\/media?parent=17292"}],"wp:term":[{"taxonomy":"product_cat","embeddable":true,"href":"https:\/\/shop.elia-gr.ro\/index.php\/wp-json\/wp\/v2\/product_cat?post=17292"},{"taxonomy":"product_tag","embeddable":true,"href":"https:\/\/shop.elia-gr.ro\/index.php\/wp-json\/wp\/v2\/product_tag?post=17292"}],"curies":[{"name":"wp","href":"https:\/\/api.w.org\/{rel}","templated":true}]}}