{"id":17734,"date":"2024-12-29T21:24:54","date_gmt":"2024-12-29T19:24:54","guid":{"rendered":"https:\/\/shop.elia-gr.ro\/?post_type=product&#038;p=17734"},"modified":"2024-12-29T21:29:39","modified_gmt":"2024-12-29T19:29:39","slug":"deluxe-nuga-moale-cu-portocala-si-ciocolata-neagra","status":"publish","type":"product","link":"https:\/\/shop.elia-gr.ro\/index.php\/product\/deluxe-nuga-moale-cu-portocala-si-ciocolata-neagra\/","title":{"rendered":"Deluxe nuga moale cu portocal\u0103 \u0219i ciocolat\u0103 neagr\u0103"},"content":{"rendered":"\t\t<div data-elementor-type=\"product-post\" data-elementor-id=\"17734\" class=\"elementor elementor-17734\" data-elementor-post-type=\"product\">\n\t\t\t\t<div class=\"elementor-element elementor-element-3787c701 e-flex e-con-boxed e-con e-parent\" data-id=\"3787c701\" data-element_type=\"container\" data-e-type=\"container\">\n\t\t\t\t\t<div class=\"e-con-inner\">\n\t\t\t\t\t<\/div>\n\t\t\t\t<\/div>\n\t\t\t\t<\/div>\n\t\t","protected":false},"excerpt":{"rendered":"<p>Ingrediente selec\u021bionate \u0219i combina\u021bii inspirate, av\u00e2nd ca protagoniste o serie de sugestii minunate, care fac nougatul moale mai pl\u0103cut ca niciodat\u0103! Un strop de lux \u00een gust\u0103rile noastre zilnice. Nougatul tradi\u021bional atinge un nou nivel de perfec\u021biune, semnat de calitatea Jannis.<\/p>\n","protected":false},"featured_media":17735,"comment_status":"open","ping_status":"closed","template":"","meta":[],"product_cat":[217],"product_tag":[],"class_list":{"0":"post-17734","1":"product","2":"type-product","3":"status-publish","4":"has-post-thumbnail","6":"product_brand-jannis","7":"product_cat-dulciuri","9":"first","10":"instock","11":"featured","12":"shipping-taxable","13":"purchasable","14":"product-type-simple"},"yoast_head":"<!-- This site is optimized with the Yoast SEO plugin v27.5 - https:\/\/yoast.com\/product\/yoast-seo-wordpress\/ -->\n<title>Deluxe nuga moale cu portocal\u0103 \u0219i ciocolat\u0103 neagr\u0103 - Elia Grecia<\/title>\n<meta name=\"robots\" content=\"index, follow, max-snippet:-1, max-image-preview:large, max-video-preview:-1\" \/>\n<meta property=\"og:locale\" content=\"ro_RO\" \/>\n<meta property=\"og:type\" content=\"article\" \/>\n<meta property=\"og:title\" content=\"Deluxe nuga moale cu portocal\u0103 \u0219i ciocolat\u0103 neagr\u0103 - Elia Grecia\" \/>\n<meta property=\"og:description\" content=\"Ingrediente selec\u021bionate \u0219i combina\u021bii inspirate, av\u00e2nd ca protagoniste o serie de sugestii minunate, care fac nougatul moale mai pl\u0103cut ca niciodat\u0103! Un strop de lux \u00een gust\u0103rile noastre zilnice. Nougatul tradi\u021bional atinge un nou nivel de perfec\u021biune, semnat de calitatea Jannis.\" \/>\n<meta property=\"og:url\" content=\"https:\/\/shop.elia-gr.ro\/index.php\/product\/deluxe-nuga-moale-cu-portocala-si-ciocolata-neagra\/\" \/>\n<meta property=\"og:site_name\" content=\"Elia Grecia\" \/>\n<meta property=\"article:publisher\" content=\"https:\/\/www.facebook.com\/profile.php?id=100063888292671\" \/>\n<meta property=\"article:modified_time\" content=\"2024-12-29T19:29:39+00:00\" \/>\n<meta property=\"og:image\" content=\"https:\/\/shop.elia-gr.ro\/wp-content\/uploads\/2024\/12\/deluxe-nuga-portocala.webp\" \/>\n\t<meta property=\"og:image:width\" content=\"800\" \/>\n\t<meta property=\"og:image:height\" content=\"960\" \/>\n\t<meta property=\"og:image:type\" content=\"image\/webp\" \/>\n<meta name=\"twitter:card\" content=\"summary_large_image\" \/>\n<!-- \/ Yoast SEO plugin. -->","yoast_head_json":{"title":"Deluxe nuga moale cu portocal\u0103 \u0219i ciocolat\u0103 neagr\u0103 - Elia Grecia","robots":{"index":"index","follow":"follow","max-snippet":"max-snippet:-1","max-image-preview":"max-image-preview:large","max-video-preview":"max-video-preview:-1"},"og_locale":"ro_RO","og_type":"article","og_title":"Deluxe nuga moale cu portocal\u0103 \u0219i ciocolat\u0103 neagr\u0103 - Elia Grecia","og_description":"Ingrediente selec\u021bionate \u0219i combina\u021bii inspirate, av\u00e2nd ca protagoniste o serie de sugestii minunate, care fac nougatul moale mai pl\u0103cut ca niciodat\u0103! Un strop de lux \u00een gust\u0103rile noastre zilnice. Nougatul tradi\u021bional atinge un nou nivel de perfec\u021biune, semnat de calitatea Jannis.","og_url":"https:\/\/shop.elia-gr.ro\/index.php\/product\/deluxe-nuga-moale-cu-portocala-si-ciocolata-neagra\/","og_site_name":"Elia Grecia","article_publisher":"https:\/\/www.facebook.com\/profile.php?id=100063888292671","article_modified_time":"2024-12-29T19:29:39+00:00","og_image":[{"width":800,"height":960,"url":"https:\/\/shop.elia-gr.ro\/wp-content\/uploads\/2024\/12\/deluxe-nuga-portocala.webp","type":"image\/webp"}],"twitter_card":"summary_large_image","schema":{"@context":"https:\/\/schema.org","@graph":[{"@type":"WebPage","@id":"https:\/\/shop.elia-gr.ro\/index.php\/product\/deluxe-nuga-moale-cu-portocala-si-ciocolata-neagra\/","url":"https:\/\/shop.elia-gr.ro\/index.php\/product\/deluxe-nuga-moale-cu-portocala-si-ciocolata-neagra\/","name":"Deluxe nuga moale cu portocal\u0103 \u0219i ciocolat\u0103 neagr\u0103 - Elia Grecia","isPartOf":{"@id":"https:\/\/shop.elia-gr.ro\/#website"},"primaryImageOfPage":{"@id":"https:\/\/shop.elia-gr.ro\/index.php\/product\/deluxe-nuga-moale-cu-portocala-si-ciocolata-neagra\/#primaryimage"},"image":{"@id":"https:\/\/shop.elia-gr.ro\/index.php\/product\/deluxe-nuga-moale-cu-portocala-si-ciocolata-neagra\/#primaryimage"},"thumbnailUrl":"https:\/\/shop.elia-gr.ro\/wp-content\/uploads\/2024\/12\/deluxe-nuga-portocala.webp","datePublished":"2024-12-29T19:24:54+00:00","dateModified":"2024-12-29T19:29:39+00:00","breadcrumb":{"@id":"https:\/\/shop.elia-gr.ro\/index.php\/product\/deluxe-nuga-moale-cu-portocala-si-ciocolata-neagra\/#breadcrumb"},"inLanguage":"ro-RO","potentialAction":[{"@type":"ReadAction","target":["https:\/\/shop.elia-gr.ro\/index.php\/product\/deluxe-nuga-moale-cu-portocala-si-ciocolata-neagra\/"]}]},{"@type":"ImageObject","inLanguage":"ro-RO","@id":"https:\/\/shop.elia-gr.ro\/index.php\/product\/deluxe-nuga-moale-cu-portocala-si-ciocolata-neagra\/#primaryimage","url":"https:\/\/shop.elia-gr.ro\/wp-content\/uploads\/2024\/12\/deluxe-nuga-portocala.webp","contentUrl":"https:\/\/shop.elia-gr.ro\/wp-content\/uploads\/2024\/12\/deluxe-nuga-portocala.webp","width":800,"height":960},{"@type":"BreadcrumbList","@id":"https:\/\/shop.elia-gr.ro\/index.php\/product\/deluxe-nuga-moale-cu-portocala-si-ciocolata-neagra\/#breadcrumb","itemListElement":[{"@type":"ListItem","position":1,"name":"Home","item":"https:\/\/shop.elia-gr.ro\/"},{"@type":"ListItem","position":2,"name":"Shop","item":"https:\/\/shop.elia-gr.ro\/index.php\/shop\/"},{"@type":"ListItem","position":3,"name":"Deluxe nuga moale cu portocal\u0103 \u0219i ciocolat\u0103 neagr\u0103"}]},{"@type":"WebSite","@id":"https:\/\/shop.elia-gr.ro\/#website","url":"https:\/\/shop.elia-gr.ro\/","name":"Elia Grecia","description":"Cele mai bune produse grece\u0219ti pentru tine!","publisher":{"@id":"https:\/\/shop.elia-gr.ro\/#organization"},"potentialAction":[{"@type":"SearchAction","target":{"@type":"EntryPoint","urlTemplate":"https:\/\/shop.elia-gr.ro\/?s={search_term_string}"},"query-input":{"@type":"PropertyValueSpecification","valueRequired":true,"valueName":"search_term_string"}}],"inLanguage":"ro-RO"},{"@type":"Organization","@id":"https:\/\/shop.elia-gr.ro\/#organization","name":"Elia Grecia","url":"https:\/\/shop.elia-gr.ro\/","logo":{"@type":"ImageObject","inLanguage":"ro-RO","@id":"https:\/\/shop.elia-gr.ro\/#\/schema\/logo\/image\/","url":"https:\/\/shop.elia-gr.ro\/wp-content\/uploads\/2024\/09\/new_logo_elia_shop-1.webp","contentUrl":"https:\/\/shop.elia-gr.ro\/wp-content\/uploads\/2024\/09\/new_logo_elia_shop-1.webp","width":141,"height":50,"caption":"Elia Grecia"},"image":{"@id":"https:\/\/shop.elia-gr.ro\/#\/schema\/logo\/image\/"},"sameAs":["https:\/\/www.facebook.com\/profile.php?id=100063888292671"]}]}},"jetpack_sharing_enabled":true,"_links":{"self":[{"href":"https:\/\/shop.elia-gr.ro\/index.php\/wp-json\/wp\/v2\/product\/17734","targetHints":{"allow":["GET"]}}],"collection":[{"href":"https:\/\/shop.elia-gr.ro\/index.php\/wp-json\/wp\/v2\/product"}],"about":[{"href":"https:\/\/shop.elia-gr.ro\/index.php\/wp-json\/wp\/v2\/types\/product"}],"replies":[{"embeddable":true,"href":"https:\/\/shop.elia-gr.ro\/index.php\/wp-json\/wp\/v2\/comments?post=17734"}],"version-history":[{"count":4,"href":"https:\/\/shop.elia-gr.ro\/index.php\/wp-json\/wp\/v2\/product\/17734\/revisions"}],"predecessor-version":[{"id":17740,"href":"https:\/\/shop.elia-gr.ro\/index.php\/wp-json\/wp\/v2\/product\/17734\/revisions\/17740"}],"wp:featuredmedia":[{"embeddable":true,"href":"https:\/\/shop.elia-gr.ro\/index.php\/wp-json\/wp\/v2\/media\/17735"}],"wp:attachment":[{"href":"https:\/\/shop.elia-gr.ro\/index.php\/wp-json\/wp\/v2\/media?parent=17734"}],"wp:term":[{"taxonomy":"product_cat","embeddable":true,"href":"https:\/\/shop.elia-gr.ro\/index.php\/wp-json\/wp\/v2\/product_cat?post=17734"},{"taxonomy":"product_tag","embeddable":true,"href":"https:\/\/shop.elia-gr.ro\/index.php\/wp-json\/wp\/v2\/product_tag?post=17734"}],"curies":[{"name":"wp","href":"https:\/\/api.w.org\/{rel}","templated":true}]}}