{"id":17956,"date":"2025-02-04T20:23:01","date_gmt":"2025-02-04T18:23:01","guid":{"rendered":"https:\/\/shop.elia-gr.ro\/?post_type=product&#038;p=17956"},"modified":"2025-03-13T23:41:27","modified_gmt":"2025-03-13T21:41:27","slug":"lapte-concentrat-nunu","status":"publish","type":"product","link":"https:\/\/shop.elia-gr.ro\/index.php\/product\/lapte-concentrat-nunu\/","title":{"rendered":"Lapte concentrat Nunu"},"content":{"rendered":"<p>Laptele concentrat \u039d\u039f\u03a5\u039d\u039f\u03a5 este produs din 100% lapte de vac\u0103 de cea mai bun\u0103 calitate \u0219i este realizat dup\u0103 o re\u021bet\u0103 simpl\u0103 \u0219i tradi\u021bional\u0103. Ambalajul s\u0103u complet etan\u0219 din tabl\u0103 alb\u0103 este o solu\u021bie de calitate \u0219i ecologic\u0103, care protejeaz\u0103 \u0219i p\u0103streaz\u0103 valorile nutri\u021bionale ale laptelui, f\u0103r\u0103 ad\u0103ugarea de conservan\u021bi. Laptele concentrat \u039d\u039f\u03a5\u039d\u039f\u03a5 reprezint\u0103 o garan\u021bie a calit\u0103\u021bii \u0219i valorii nutritive \u00een alimenta\u021bia familiei grece\u0219ti. Preparat cu mult\u0103 grij\u0103, are un gust minunat \u0219i con\u021bine toate substan\u021bele nutritive ale laptelui \u00eentr-un singur pahar.<\/p>\n","protected":false},"excerpt":{"rendered":"<p>Laptele concentrat \u039d\u039f\u03a5\u039d\u039f\u03a5 este produs din 100% lapte de vac\u0103 de cea mai bun\u0103 calitate \u0219i este realizat dup\u0103 o re\u021bet\u0103 simpl\u0103 \u0219i tradi\u021bional\u0103. Ambalajul s\u0103u complet etan\u0219 din tabl\u0103 alb\u0103 este o solu\u021bie de calitate \u0219i ecologic\u0103, care protejeaz\u0103 &hellip; <a href=\"https:\/\/shop.elia-gr.ro\/index.php\/product\/lapte-concentrat-nunu\/\">Readmore<\/a><\/p>\n","protected":false},"featured_media":17957,"comment_status":"open","ping_status":"closed","template":"","meta":[],"product_cat":[142],"product_tag":[],"class_list":{"0":"post-17956","1":"product","2":"type-product","3":"status-publish","4":"has-post-thumbnail","6":"product_cat-branzeturi","8":"first","9":"outofstock","10":"featured","11":"shipping-taxable","12":"purchasable","13":"product-type-simple"},"yoast_head":"<!-- This site is optimized with the Yoast SEO plugin v27.5 - https:\/\/yoast.com\/product\/yoast-seo-wordpress\/ -->\n<title>Lapte concentrat Nunu - Elia Grecia<\/title>\n<meta name=\"robots\" content=\"index, follow, max-snippet:-1, max-image-preview:large, max-video-preview:-1\" \/>\n<meta property=\"og:locale\" content=\"ro_RO\" \/>\n<meta property=\"og:type\" content=\"article\" \/>\n<meta property=\"og:title\" content=\"Lapte concentrat Nunu - Elia Grecia\" \/>\n<meta property=\"og:description\" content=\"Laptele concentrat \u039d\u039f\u03a5\u039d\u039f\u03a5 este produs din 100% lapte de vac\u0103 de cea mai bun\u0103 calitate \u0219i este realizat dup\u0103 o re\u021bet\u0103 simpl\u0103 \u0219i tradi\u021bional\u0103. Ambalajul s\u0103u complet etan\u0219 din tabl\u0103 alb\u0103 este o solu\u021bie de calitate \u0219i ecologic\u0103, care protejeaz\u0103 &hellip; Readmore\" \/>\n<meta property=\"og:url\" content=\"https:\/\/shop.elia-gr.ro\/index.php\/product\/lapte-concentrat-nunu\/\" \/>\n<meta property=\"og:site_name\" content=\"Elia Grecia\" \/>\n<meta property=\"article:publisher\" content=\"https:\/\/www.facebook.com\/profile.php?id=100063888292671\" \/>\n<meta property=\"article:modified_time\" content=\"2025-03-13T21:41:27+00:00\" \/>\n<meta property=\"og:image\" content=\"https:\/\/shop.elia-gr.ro\/wp-content\/uploads\/2025\/02\/lapte-condensat.webp\" \/>\n\t<meta property=\"og:image:width\" content=\"800\" \/>\n\t<meta property=\"og:image:height\" content=\"960\" \/>\n\t<meta property=\"og:image:type\" content=\"image\/webp\" \/>\n<meta name=\"twitter:card\" content=\"summary_large_image\" \/>\n<!-- \/ Yoast SEO plugin. -->","yoast_head_json":{"title":"Lapte concentrat Nunu - Elia Grecia","robots":{"index":"index","follow":"follow","max-snippet":"max-snippet:-1","max-image-preview":"max-image-preview:large","max-video-preview":"max-video-preview:-1"},"og_locale":"ro_RO","og_type":"article","og_title":"Lapte concentrat Nunu - Elia Grecia","og_description":"Laptele concentrat \u039d\u039f\u03a5\u039d\u039f\u03a5 este produs din 100% lapte de vac\u0103 de cea mai bun\u0103 calitate \u0219i este realizat dup\u0103 o re\u021bet\u0103 simpl\u0103 \u0219i tradi\u021bional\u0103. Ambalajul s\u0103u complet etan\u0219 din tabl\u0103 alb\u0103 este o solu\u021bie de calitate \u0219i ecologic\u0103, care protejeaz\u0103 &hellip; Readmore","og_url":"https:\/\/shop.elia-gr.ro\/index.php\/product\/lapte-concentrat-nunu\/","og_site_name":"Elia Grecia","article_publisher":"https:\/\/www.facebook.com\/profile.php?id=100063888292671","article_modified_time":"2025-03-13T21:41:27+00:00","og_image":[{"width":800,"height":960,"url":"https:\/\/shop.elia-gr.ro\/wp-content\/uploads\/2025\/02\/lapte-condensat.webp","type":"image\/webp"}],"twitter_card":"summary_large_image","schema":{"@context":"https:\/\/schema.org","@graph":[{"@type":"WebPage","@id":"https:\/\/shop.elia-gr.ro\/index.php\/product\/lapte-concentrat-nunu\/","url":"https:\/\/shop.elia-gr.ro\/index.php\/product\/lapte-concentrat-nunu\/","name":"Lapte concentrat Nunu - Elia Grecia","isPartOf":{"@id":"https:\/\/shop.elia-gr.ro\/#website"},"primaryImageOfPage":{"@id":"https:\/\/shop.elia-gr.ro\/index.php\/product\/lapte-concentrat-nunu\/#primaryimage"},"image":{"@id":"https:\/\/shop.elia-gr.ro\/index.php\/product\/lapte-concentrat-nunu\/#primaryimage"},"thumbnailUrl":"https:\/\/shop.elia-gr.ro\/wp-content\/uploads\/2025\/02\/lapte-condensat.webp","datePublished":"2025-02-04T18:23:01+00:00","dateModified":"2025-03-13T21:41:27+00:00","breadcrumb":{"@id":"https:\/\/shop.elia-gr.ro\/index.php\/product\/lapte-concentrat-nunu\/#breadcrumb"},"inLanguage":"ro-RO","potentialAction":[{"@type":"ReadAction","target":["https:\/\/shop.elia-gr.ro\/index.php\/product\/lapte-concentrat-nunu\/"]}]},{"@type":"ImageObject","inLanguage":"ro-RO","@id":"https:\/\/shop.elia-gr.ro\/index.php\/product\/lapte-concentrat-nunu\/#primaryimage","url":"https:\/\/shop.elia-gr.ro\/wp-content\/uploads\/2025\/02\/lapte-condensat.webp","contentUrl":"https:\/\/shop.elia-gr.ro\/wp-content\/uploads\/2025\/02\/lapte-condensat.webp","width":800,"height":960},{"@type":"BreadcrumbList","@id":"https:\/\/shop.elia-gr.ro\/index.php\/product\/lapte-concentrat-nunu\/#breadcrumb","itemListElement":[{"@type":"ListItem","position":1,"name":"Home","item":"https:\/\/shop.elia-gr.ro\/"},{"@type":"ListItem","position":2,"name":"Shop","item":"https:\/\/shop.elia-gr.ro\/index.php\/shop\/"},{"@type":"ListItem","position":3,"name":"Lapte concentrat Nunu"}]},{"@type":"WebSite","@id":"https:\/\/shop.elia-gr.ro\/#website","url":"https:\/\/shop.elia-gr.ro\/","name":"Elia Grecia","description":"Cele mai bune produse grece\u0219ti pentru tine!","publisher":{"@id":"https:\/\/shop.elia-gr.ro\/#organization"},"potentialAction":[{"@type":"SearchAction","target":{"@type":"EntryPoint","urlTemplate":"https:\/\/shop.elia-gr.ro\/?s={search_term_string}"},"query-input":{"@type":"PropertyValueSpecification","valueRequired":true,"valueName":"search_term_string"}}],"inLanguage":"ro-RO"},{"@type":"Organization","@id":"https:\/\/shop.elia-gr.ro\/#organization","name":"Elia Grecia","url":"https:\/\/shop.elia-gr.ro\/","logo":{"@type":"ImageObject","inLanguage":"ro-RO","@id":"https:\/\/shop.elia-gr.ro\/#\/schema\/logo\/image\/","url":"https:\/\/shop.elia-gr.ro\/wp-content\/uploads\/2024\/09\/new_logo_elia_shop-1.webp","contentUrl":"https:\/\/shop.elia-gr.ro\/wp-content\/uploads\/2024\/09\/new_logo_elia_shop-1.webp","width":141,"height":50,"caption":"Elia Grecia"},"image":{"@id":"https:\/\/shop.elia-gr.ro\/#\/schema\/logo\/image\/"},"sameAs":["https:\/\/www.facebook.com\/profile.php?id=100063888292671"]}]}},"jetpack_sharing_enabled":true,"_links":{"self":[{"href":"https:\/\/shop.elia-gr.ro\/index.php\/wp-json\/wp\/v2\/product\/17956","targetHints":{"allow":["GET"]}}],"collection":[{"href":"https:\/\/shop.elia-gr.ro\/index.php\/wp-json\/wp\/v2\/product"}],"about":[{"href":"https:\/\/shop.elia-gr.ro\/index.php\/wp-json\/wp\/v2\/types\/product"}],"replies":[{"embeddable":true,"href":"https:\/\/shop.elia-gr.ro\/index.php\/wp-json\/wp\/v2\/comments?post=17956"}],"version-history":[{"count":1,"href":"https:\/\/shop.elia-gr.ro\/index.php\/wp-json\/wp\/v2\/product\/17956\/revisions"}],"predecessor-version":[{"id":17958,"href":"https:\/\/shop.elia-gr.ro\/index.php\/wp-json\/wp\/v2\/product\/17956\/revisions\/17958"}],"wp:featuredmedia":[{"embeddable":true,"href":"https:\/\/shop.elia-gr.ro\/index.php\/wp-json\/wp\/v2\/media\/17957"}],"wp:attachment":[{"href":"https:\/\/shop.elia-gr.ro\/index.php\/wp-json\/wp\/v2\/media?parent=17956"}],"wp:term":[{"taxonomy":"product_cat","embeddable":true,"href":"https:\/\/shop.elia-gr.ro\/index.php\/wp-json\/wp\/v2\/product_cat?post=17956"},{"taxonomy":"product_tag","embeddable":true,"href":"https:\/\/shop.elia-gr.ro\/index.php\/wp-json\/wp\/v2\/product_tag?post=17956"}],"curies":[{"name":"wp","href":"https:\/\/api.w.org\/{rel}","templated":true}]}}