{"id":21387,"date":"2025-07-26T17:03:18","date_gmt":"2025-07-26T15:03:18","guid":{"rendered":"https:\/\/shop.elia-gr.ro\/?post_type=product&#038;p=21387"},"modified":"2025-07-26T17:05:46","modified_gmt":"2025-07-26T15:05:46","slug":"gem-de-kiwi-100-fruct-fara-zahar-adaugat","status":"publish","type":"product","link":"https:\/\/shop.elia-gr.ro\/index.php\/product\/gem-de-kiwi-100-fruct-fara-zahar-adaugat\/","title":{"rendered":"Gem de Kiwi 100% fruct, f\u0103r\u0103 zah\u0103r ad\u0103ugat"},"content":{"rendered":"<p><span dir=\"auto\">\ud83c\udf53 Pl\u0103cere cu ingrediente pure \u2013 a\u0219a cum le f\u0103ceam \u00eenainte!<\/span><\/p>\n<p><span dir=\"auto\">\u2705 Propriet\u0103\u021bi \u0219i caracteristici:<\/span><\/p>\n<p><span dir=\"auto\">\ud83c\udf3f Fabricat exclusiv din fructe 100% proaspete<\/span><br \/>\n<span dir=\"auto\">\ud83c\udf3f F\u0103r\u0103 zah\u0103r ad\u0103ugat \u2013 doar zaharuri naturale din fructe<\/span><br \/>\n<span dir=\"auto\">\ud83c\udf3f Nu con\u021bine conservan\u021bi, \u00eendulcitori artificiali sau aditivi<\/span><br \/>\n<span dir=\"auto\">\ud83c\udf3f P\u0103streaz\u0103 toat\u0103 aroma, savoarea \u0219i valoarea nutritiv\u0103 a fructului<\/span><br \/>\n<span dir=\"auto\">\ud83c\udf3f Con\u021binut ridicat de fibre<\/span><\/p>\n<p><span dir=\"auto\">\u2705 Avantaje:<\/span><\/p>\n<p><span dir=\"auto\">\ud83c\udf3f Ideal pentru cei care \u00ee\u0219i respect\u0103 dieta<\/span><br \/>\n<span dir=\"auto\">\ud83c\udf3f O alegere excelent\u0103 pentru micul dejun, iaurt, smoothie-uri, produse de patiserie<\/span><br \/>\n<span dir=\"auto\">\ud83c\udf3f Produs manual \u2013 cu respect pentru tradi\u021bie \u0219i s\u0103n\u0103tate.<\/span><\/p>\n","protected":false},"excerpt":{"rendered":"<p><span dir=\"auto\">\ud83c\udf53 Pl\u0103cere cu ingrediente pure \u2013 a\u0219a cum le f\u0103ceam \u00eenainte!<\/span><\/p>\n<p><span dir=\"auto\">\u2705 Propriet\u0103\u021bi \u0219i caracteristici:<\/span><\/p>\n<p><span dir=\"auto\">\ud83c\udf3f Fabricat exclusiv din fructe 100% proaspete<\/span><br \/>\n<span dir=\"auto\">\ud83c\udf3f F\u0103r\u0103 zah\u0103r ad\u0103ugat \u2013 doar zaharuri naturale din fructe<\/span><br \/>\n<span dir=\"auto\">\ud83c\udf3f Nu con\u021bine conservan\u021bi, \u00eendulcitori artificiali sau aditivi<\/span><br \/>\n<span dir=\"auto\">\ud83c\udf3f P\u0103streaz\u0103 toat\u0103 aroma, savoarea \u0219i valoarea nutritiv\u0103 a fructului<\/span><br \/>\n<span dir=\"auto\">\ud83c\udf3f Con\u021binut ridicat de fibre<\/span><\/p>\n<p><span dir=\"auto\">\u2705 Avantaje:<\/span><\/p>\n<p><span dir=\"auto\">\ud83c\udf3f Ideal pentru cei care \u00ee\u0219i respect\u0103 dieta<\/span><br \/>\n<span dir=\"auto\">\ud83c\udf3f O alegere excelent\u0103 pentru micul dejun, iaurt, smoothie-uri, produse de patiserie<\/span><br \/>\n<span dir=\"auto\">\ud83c\udf3f Produs manual \u2013 cu respect pentru tradi\u021bie \u0219i s\u0103n\u0103tate.<\/span><\/p>\n","protected":false},"featured_media":21384,"comment_status":"open","ping_status":"closed","template":"","meta":[],"product_cat":[62],"product_tag":[470],"class_list":{"0":"post-21387","1":"product","2":"type-product","3":"status-publish","4":"has-post-thumbnail","6":"product_brand-ophellia","7":"product_cat-gem","8":"product_tag-gem-de-kiwi","10":"first","11":"instock","12":"taxable","13":"shipping-taxable","14":"purchasable","15":"product-type-simple"},"yoast_head":"<!-- This site is optimized with the Yoast SEO plugin v27.5 - https:\/\/yoast.com\/product\/yoast-seo-wordpress\/ -->\n<title>Gem de Kiwi 100% fruct, f\u0103r\u0103 zah\u0103r ad\u0103ugat - Elia Grecia<\/title>\n<meta name=\"description\" content=\"Gem de Kiwi 100% fruct, f\u0103r\u0103 zah\u0103r ad\u0103ugat. Gust unic \u0219i arom\u0103 r\u0103coroas\u0103, ideal\u0103 pentru deserturi, iaurt sau mic dejunuri s\u0103n\u0103toase.\" \/>\n<meta name=\"robots\" content=\"index, follow, max-snippet:-1, max-image-preview:large, max-video-preview:-1\" \/>\n<meta property=\"og:locale\" content=\"ro_RO\" \/>\n<meta property=\"og:type\" content=\"article\" \/>\n<meta property=\"og:title\" content=\"Gem de Kiwi 100% fruct, f\u0103r\u0103 zah\u0103r ad\u0103ugat - Elia Grecia\" \/>\n<meta property=\"og:description\" content=\"Gem de Kiwi 100% fruct, f\u0103r\u0103 zah\u0103r ad\u0103ugat. Gust unic \u0219i arom\u0103 r\u0103coroas\u0103, ideal\u0103 pentru deserturi, iaurt sau mic dejunuri s\u0103n\u0103toase.\" \/>\n<meta property=\"og:url\" content=\"https:\/\/shop.elia-gr.ro\/index.php\/product\/gem-de-kiwi-100-fruct-fara-zahar-adaugat\/\" \/>\n<meta property=\"og:site_name\" content=\"Elia Grecia\" \/>\n<meta property=\"article:publisher\" content=\"https:\/\/www.facebook.com\/profile.php?id=100063888292671\" \/>\n<meta property=\"article:modified_time\" content=\"2025-07-26T15:05:46+00:00\" \/>\n<meta property=\"og:image\" content=\"https:\/\/shop.elia-gr.ro\/wp-content\/uploads\/2025\/07\/ophellia-fruit-spread-J10462.jpg\" \/>\n\t<meta property=\"og:image:width\" content=\"686\" \/>\n\t<meta property=\"og:image:height\" content=\"686\" \/>\n\t<meta property=\"og:image:type\" content=\"image\/jpeg\" \/>\n<meta name=\"twitter:card\" content=\"summary_large_image\" \/>\n<meta name=\"twitter:label1\" content=\"Timp estimat pentru citire\" \/>\n\t<meta name=\"twitter:data1\" content=\"1 minut\" \/>\n<!-- \/ Yoast SEO plugin. -->","yoast_head_json":{"title":"Gem de Kiwi 100% fruct, f\u0103r\u0103 zah\u0103r ad\u0103ugat - Elia Grecia","description":"Gem de Kiwi 100% fruct, f\u0103r\u0103 zah\u0103r ad\u0103ugat. Gust unic \u0219i arom\u0103 r\u0103coroas\u0103, ideal\u0103 pentru deserturi, iaurt sau mic dejunuri s\u0103n\u0103toase.","robots":{"index":"index","follow":"follow","max-snippet":"max-snippet:-1","max-image-preview":"max-image-preview:large","max-video-preview":"max-video-preview:-1"},"og_locale":"ro_RO","og_type":"article","og_title":"Gem de Kiwi 100% fruct, f\u0103r\u0103 zah\u0103r ad\u0103ugat - Elia Grecia","og_description":"Gem de Kiwi 100% fruct, f\u0103r\u0103 zah\u0103r ad\u0103ugat. Gust unic \u0219i arom\u0103 r\u0103coroas\u0103, ideal\u0103 pentru deserturi, iaurt sau mic dejunuri s\u0103n\u0103toase.","og_url":"https:\/\/shop.elia-gr.ro\/index.php\/product\/gem-de-kiwi-100-fruct-fara-zahar-adaugat\/","og_site_name":"Elia Grecia","article_publisher":"https:\/\/www.facebook.com\/profile.php?id=100063888292671","article_modified_time":"2025-07-26T15:05:46+00:00","og_image":[{"width":686,"height":686,"url":"https:\/\/shop.elia-gr.ro\/wp-content\/uploads\/2025\/07\/ophellia-fruit-spread-J10462.jpg","type":"image\/jpeg"}],"twitter_card":"summary_large_image","twitter_misc":{"Timp estimat pentru citire":"1 minut"},"schema":{"@context":"https:\/\/schema.org","@graph":[{"@type":"WebPage","@id":"https:\/\/shop.elia-gr.ro\/index.php\/product\/gem-de-kiwi-100-fruct-fara-zahar-adaugat\/","url":"https:\/\/shop.elia-gr.ro\/index.php\/product\/gem-de-kiwi-100-fruct-fara-zahar-adaugat\/","name":"Gem de Kiwi 100% fruct, f\u0103r\u0103 zah\u0103r ad\u0103ugat - Elia Grecia","isPartOf":{"@id":"https:\/\/shop.elia-gr.ro\/#website"},"primaryImageOfPage":{"@id":"https:\/\/shop.elia-gr.ro\/index.php\/product\/gem-de-kiwi-100-fruct-fara-zahar-adaugat\/#primaryimage"},"image":{"@id":"https:\/\/shop.elia-gr.ro\/index.php\/product\/gem-de-kiwi-100-fruct-fara-zahar-adaugat\/#primaryimage"},"thumbnailUrl":"https:\/\/shop.elia-gr.ro\/wp-content\/uploads\/2025\/07\/ophellia-fruit-spread-J10462.jpg","datePublished":"2025-07-26T15:03:18+00:00","dateModified":"2025-07-26T15:05:46+00:00","description":"Gem de Kiwi 100% fruct, f\u0103r\u0103 zah\u0103r ad\u0103ugat. Gust unic \u0219i arom\u0103 r\u0103coroas\u0103, ideal\u0103 pentru deserturi, iaurt sau mic dejunuri s\u0103n\u0103toase.","breadcrumb":{"@id":"https:\/\/shop.elia-gr.ro\/index.php\/product\/gem-de-kiwi-100-fruct-fara-zahar-adaugat\/#breadcrumb"},"inLanguage":"ro-RO","potentialAction":[{"@type":"ReadAction","target":["https:\/\/shop.elia-gr.ro\/index.php\/product\/gem-de-kiwi-100-fruct-fara-zahar-adaugat\/"]}]},{"@type":"ImageObject","inLanguage":"ro-RO","@id":"https:\/\/shop.elia-gr.ro\/index.php\/product\/gem-de-kiwi-100-fruct-fara-zahar-adaugat\/#primaryimage","url":"https:\/\/shop.elia-gr.ro\/wp-content\/uploads\/2025\/07\/ophellia-fruit-spread-J10462.jpg","contentUrl":"https:\/\/shop.elia-gr.ro\/wp-content\/uploads\/2025\/07\/ophellia-fruit-spread-J10462.jpg","width":686,"height":686},{"@type":"BreadcrumbList","@id":"https:\/\/shop.elia-gr.ro\/index.php\/product\/gem-de-kiwi-100-fruct-fara-zahar-adaugat\/#breadcrumb","itemListElement":[{"@type":"ListItem","position":1,"name":"Home","item":"https:\/\/shop.elia-gr.ro\/"},{"@type":"ListItem","position":2,"name":"Shop","item":"https:\/\/shop.elia-gr.ro\/index.php\/shop\/"},{"@type":"ListItem","position":3,"name":"Gem de Kiwi 100% fruct, f\u0103r\u0103 zah\u0103r ad\u0103ugat"}]},{"@type":"WebSite","@id":"https:\/\/shop.elia-gr.ro\/#website","url":"https:\/\/shop.elia-gr.ro\/","name":"Elia Grecia","description":"Cele mai bune produse grece\u0219ti pentru tine!","publisher":{"@id":"https:\/\/shop.elia-gr.ro\/#organization"},"potentialAction":[{"@type":"SearchAction","target":{"@type":"EntryPoint","urlTemplate":"https:\/\/shop.elia-gr.ro\/?s={search_term_string}"},"query-input":{"@type":"PropertyValueSpecification","valueRequired":true,"valueName":"search_term_string"}}],"inLanguage":"ro-RO"},{"@type":"Organization","@id":"https:\/\/shop.elia-gr.ro\/#organization","name":"Elia Grecia","url":"https:\/\/shop.elia-gr.ro\/","logo":{"@type":"ImageObject","inLanguage":"ro-RO","@id":"https:\/\/shop.elia-gr.ro\/#\/schema\/logo\/image\/","url":"https:\/\/shop.elia-gr.ro\/wp-content\/uploads\/2024\/09\/new_logo_elia_shop-1.webp","contentUrl":"https:\/\/shop.elia-gr.ro\/wp-content\/uploads\/2024\/09\/new_logo_elia_shop-1.webp","width":141,"height":50,"caption":"Elia Grecia"},"image":{"@id":"https:\/\/shop.elia-gr.ro\/#\/schema\/logo\/image\/"},"sameAs":["https:\/\/www.facebook.com\/profile.php?id=100063888292671"]}]}},"jetpack_sharing_enabled":true,"_links":{"self":[{"href":"https:\/\/shop.elia-gr.ro\/index.php\/wp-json\/wp\/v2\/product\/21387","targetHints":{"allow":["GET"]}}],"collection":[{"href":"https:\/\/shop.elia-gr.ro\/index.php\/wp-json\/wp\/v2\/product"}],"about":[{"href":"https:\/\/shop.elia-gr.ro\/index.php\/wp-json\/wp\/v2\/types\/product"}],"replies":[{"embeddable":true,"href":"https:\/\/shop.elia-gr.ro\/index.php\/wp-json\/wp\/v2\/comments?post=21387"}],"version-history":[{"count":2,"href":"https:\/\/shop.elia-gr.ro\/index.php\/wp-json\/wp\/v2\/product\/21387\/revisions"}],"predecessor-version":[{"id":21389,"href":"https:\/\/shop.elia-gr.ro\/index.php\/wp-json\/wp\/v2\/product\/21387\/revisions\/21389"}],"wp:featuredmedia":[{"embeddable":true,"href":"https:\/\/shop.elia-gr.ro\/index.php\/wp-json\/wp\/v2\/media\/21384"}],"wp:attachment":[{"href":"https:\/\/shop.elia-gr.ro\/index.php\/wp-json\/wp\/v2\/media?parent=21387"}],"wp:term":[{"taxonomy":"product_cat","embeddable":true,"href":"https:\/\/shop.elia-gr.ro\/index.php\/wp-json\/wp\/v2\/product_cat?post=21387"},{"taxonomy":"product_tag","embeddable":true,"href":"https:\/\/shop.elia-gr.ro\/index.php\/wp-json\/wp\/v2\/product_tag?post=21387"}],"curies":[{"name":"wp","href":"https:\/\/api.w.org\/{rel}","templated":true}]}}