{"id":21566,"date":"2025-09-23T12:00:30","date_gmt":"2025-09-23T10:00:30","guid":{"rendered":"https:\/\/shop.elia-gr.ro\/?post_type=product&#038;p=21566"},"modified":"2025-09-24T11:34:11","modified_gmt":"2025-09-24T09:34:11","slug":"baton-cu-migdale","status":"publish","type":"product","link":"https:\/\/shop.elia-gr.ro\/index.php\/product\/baton-cu-migdale\/","title":{"rendered":"Baton cu migdale"},"content":{"rendered":"","protected":false},"excerpt":{"rendered":"<div><span dir=\"auto\">Con\u021binut ridicat de fibre<\/span><\/div>\n<div><i class=\"icon-right\"><\/i><span dir=\"auto\">Surs\u0103 natural\u0103 de proteine<\/span><\/div>\n<div><i class=\"icon-right\"><\/i><span dir=\"auto\">F\u0103r\u0103 gluten<\/span><\/div>\n<div><i class=\"icon-right\"><\/i><span dir=\"auto\">Potrivit pentru vegani<\/span><\/div>\n<div><i class=\"icon-right\"><\/i><span dir=\"auto\">Con\u021binut sc\u0103zut de sare<\/span><\/div>\n<div><i class=\"icon-right\"><\/i><span dir=\"auto\">F\u0103r\u0103 lactoz\u0103<\/span><\/div>\n<div><i class=\"icon-right\"><\/i><span dir=\"auto\">F\u0103r\u0103 lactate<\/span><\/div>\n<div><i class=\"icon-right\"><\/i><span dir=\"auto\">F\u0103r\u0103 conservan\u021bi<\/span><\/div>\n<div><i class=\"icon-right\"><\/i><span dir=\"auto\">F\u0103r\u0103 aditivi<\/span><\/div>\n","protected":false},"featured_media":21567,"comment_status":"open","ping_status":"closed","template":"","meta":[],"product_cat":[217],"product_tag":[],"class_list":{"0":"post-21566","1":"product","2":"type-product","3":"status-publish","4":"has-post-thumbnail","6":"product_brand-jannis","7":"product_cat-dulciuri","9":"first","10":"instock","11":"taxable","12":"shipping-taxable","13":"purchasable","14":"product-type-simple"},"yoast_head":"<!-- This site is optimized with the Yoast SEO plugin v27.5 - https:\/\/yoast.com\/product\/yoast-seo-wordpress\/ -->\n<title>Baton cu migdale<\/title>\n<meta name=\"description\" content=\"Baton cu migdale\" \/>\n<meta name=\"robots\" content=\"index, follow, max-snippet:-1, max-image-preview:large, max-video-preview:-1\" \/>\n<meta property=\"og:locale\" content=\"ro_RO\" \/>\n<meta property=\"og:type\" content=\"article\" \/>\n<meta property=\"og:title\" content=\"Baton cu migdale\" \/>\n<meta property=\"og:description\" content=\"Baton cu migdale\" \/>\n<meta property=\"og:url\" content=\"https:\/\/shop.elia-gr.ro\/index.php\/product\/baton-cu-migdale\/\" \/>\n<meta property=\"og:site_name\" content=\"Elia Grecia\" \/>\n<meta property=\"article:publisher\" content=\"https:\/\/www.facebook.com\/profile.php?id=100063888292671\" \/>\n<meta property=\"article:modified_time\" content=\"2025-09-24T09:34:11+00:00\" \/>\n<meta property=\"og:image\" content=\"https:\/\/shop.elia-gr.ro\/wp-content\/uploads\/2025\/09\/PRODUCTS_ALL_0007_JANNIS_ALMOND_BAR_40g_MOCKUP.jpg.jpg\" \/>\n\t<meta property=\"og:image:width\" content=\"1200\" \/>\n\t<meta property=\"og:image:height\" content=\"1200\" \/>\n\t<meta property=\"og:image:type\" content=\"image\/jpeg\" \/>\n<meta name=\"twitter:card\" content=\"summary_large_image\" \/>\n<meta name=\"twitter:label1\" content=\"Timp estimat pentru citire\" \/>\n\t<meta name=\"twitter:data1\" content=\"1 minut\" \/>\n<!-- \/ Yoast SEO plugin. -->","yoast_head_json":{"title":"Baton cu migdale","description":"Baton cu migdale","robots":{"index":"index","follow":"follow","max-snippet":"max-snippet:-1","max-image-preview":"max-image-preview:large","max-video-preview":"max-video-preview:-1"},"og_locale":"ro_RO","og_type":"article","og_title":"Baton cu migdale","og_description":"Baton cu migdale","og_url":"https:\/\/shop.elia-gr.ro\/index.php\/product\/baton-cu-migdale\/","og_site_name":"Elia Grecia","article_publisher":"https:\/\/www.facebook.com\/profile.php?id=100063888292671","article_modified_time":"2025-09-24T09:34:11+00:00","og_image":[{"width":1200,"height":1200,"url":"https:\/\/shop.elia-gr.ro\/wp-content\/uploads\/2025\/09\/PRODUCTS_ALL_0007_JANNIS_ALMOND_BAR_40g_MOCKUP.jpg.jpg","type":"image\/jpeg"}],"twitter_card":"summary_large_image","twitter_misc":{"Timp estimat pentru citire":"1 minut"},"schema":{"@context":"https:\/\/schema.org","@graph":[{"@type":"WebPage","@id":"https:\/\/shop.elia-gr.ro\/index.php\/product\/baton-cu-migdale\/","url":"https:\/\/shop.elia-gr.ro\/index.php\/product\/baton-cu-migdale\/","name":"Baton cu migdale","isPartOf":{"@id":"https:\/\/shop.elia-gr.ro\/#website"},"primaryImageOfPage":{"@id":"https:\/\/shop.elia-gr.ro\/index.php\/product\/baton-cu-migdale\/#primaryimage"},"image":{"@id":"https:\/\/shop.elia-gr.ro\/index.php\/product\/baton-cu-migdale\/#primaryimage"},"thumbnailUrl":"https:\/\/shop.elia-gr.ro\/wp-content\/uploads\/2025\/09\/PRODUCTS_ALL_0007_JANNIS_ALMOND_BAR_40g_MOCKUP.jpg.jpg","datePublished":"2025-09-23T10:00:30+00:00","dateModified":"2025-09-24T09:34:11+00:00","description":"Baton cu migdale","breadcrumb":{"@id":"https:\/\/shop.elia-gr.ro\/index.php\/product\/baton-cu-migdale\/#breadcrumb"},"inLanguage":"ro-RO","potentialAction":[{"@type":"ReadAction","target":["https:\/\/shop.elia-gr.ro\/index.php\/product\/baton-cu-migdale\/"]}]},{"@type":"ImageObject","inLanguage":"ro-RO","@id":"https:\/\/shop.elia-gr.ro\/index.php\/product\/baton-cu-migdale\/#primaryimage","url":"https:\/\/shop.elia-gr.ro\/wp-content\/uploads\/2025\/09\/PRODUCTS_ALL_0007_JANNIS_ALMOND_BAR_40g_MOCKUP.jpg.jpg","contentUrl":"https:\/\/shop.elia-gr.ro\/wp-content\/uploads\/2025\/09\/PRODUCTS_ALL_0007_JANNIS_ALMOND_BAR_40g_MOCKUP.jpg.jpg","width":1200,"height":1200},{"@type":"BreadcrumbList","@id":"https:\/\/shop.elia-gr.ro\/index.php\/product\/baton-cu-migdale\/#breadcrumb","itemListElement":[{"@type":"ListItem","position":1,"name":"Home","item":"https:\/\/shop.elia-gr.ro\/"},{"@type":"ListItem","position":2,"name":"Shop","item":"https:\/\/shop.elia-gr.ro\/index.php\/shop\/"},{"@type":"ListItem","position":3,"name":"Baton cu migdale"}]},{"@type":"WebSite","@id":"https:\/\/shop.elia-gr.ro\/#website","url":"https:\/\/shop.elia-gr.ro\/","name":"Elia Grecia","description":"Cele mai bune produse grece\u0219ti pentru tine!","publisher":{"@id":"https:\/\/shop.elia-gr.ro\/#organization"},"potentialAction":[{"@type":"SearchAction","target":{"@type":"EntryPoint","urlTemplate":"https:\/\/shop.elia-gr.ro\/?s={search_term_string}"},"query-input":{"@type":"PropertyValueSpecification","valueRequired":true,"valueName":"search_term_string"}}],"inLanguage":"ro-RO"},{"@type":"Organization","@id":"https:\/\/shop.elia-gr.ro\/#organization","name":"Elia Grecia","url":"https:\/\/shop.elia-gr.ro\/","logo":{"@type":"ImageObject","inLanguage":"ro-RO","@id":"https:\/\/shop.elia-gr.ro\/#\/schema\/logo\/image\/","url":"https:\/\/shop.elia-gr.ro\/wp-content\/uploads\/2024\/09\/new_logo_elia_shop-1.webp","contentUrl":"https:\/\/shop.elia-gr.ro\/wp-content\/uploads\/2024\/09\/new_logo_elia_shop-1.webp","width":141,"height":50,"caption":"Elia Grecia"},"image":{"@id":"https:\/\/shop.elia-gr.ro\/#\/schema\/logo\/image\/"},"sameAs":["https:\/\/www.facebook.com\/profile.php?id=100063888292671"]}]}},"jetpack_sharing_enabled":true,"_links":{"self":[{"href":"https:\/\/shop.elia-gr.ro\/index.php\/wp-json\/wp\/v2\/product\/21566","targetHints":{"allow":["GET"]}}],"collection":[{"href":"https:\/\/shop.elia-gr.ro\/index.php\/wp-json\/wp\/v2\/product"}],"about":[{"href":"https:\/\/shop.elia-gr.ro\/index.php\/wp-json\/wp\/v2\/types\/product"}],"replies":[{"embeddable":true,"href":"https:\/\/shop.elia-gr.ro\/index.php\/wp-json\/wp\/v2\/comments?post=21566"}],"version-history":[{"count":1,"href":"https:\/\/shop.elia-gr.ro\/index.php\/wp-json\/wp\/v2\/product\/21566\/revisions"}],"predecessor-version":[{"id":21568,"href":"https:\/\/shop.elia-gr.ro\/index.php\/wp-json\/wp\/v2\/product\/21566\/revisions\/21568"}],"wp:featuredmedia":[{"embeddable":true,"href":"https:\/\/shop.elia-gr.ro\/index.php\/wp-json\/wp\/v2\/media\/21567"}],"wp:attachment":[{"href":"https:\/\/shop.elia-gr.ro\/index.php\/wp-json\/wp\/v2\/media?parent=21566"}],"wp:term":[{"taxonomy":"product_cat","embeddable":true,"href":"https:\/\/shop.elia-gr.ro\/index.php\/wp-json\/wp\/v2\/product_cat?post=21566"},{"taxonomy":"product_tag","embeddable":true,"href":"https:\/\/shop.elia-gr.ro\/index.php\/wp-json\/wp\/v2\/product_tag?post=21566"}],"curies":[{"name":"wp","href":"https:\/\/api.w.org\/{rel}","templated":true}]}}