{"id":21647,"date":"2025-10-27T20:30:44","date_gmt":"2025-10-27T18:30:44","guid":{"rendered":"https:\/\/shop.elia-gr.ro\/?post_type=product&#038;p=21647"},"modified":"2026-02-23T12:56:52","modified_gmt":"2026-02-23T10:56:52","slug":"branza-de-capra-si-oaie-aristoteleion","status":"publish","type":"product","link":"https:\/\/shop.elia-gr.ro\/index.php\/product\/branza-de-capra-si-oaie-aristoteleion\/","title":{"rendered":"Br\u00e2nz\u0103 de capr\u0103 \u0219i oaie &#8211; Aristoteleion"},"content":{"rendered":"","protected":false},"excerpt":{"rendered":"<p data-start=\"61\" data-end=\"125\"><strong data-start=\"61\" data-end=\"123\">\u201eNatura nu face nimic \u00een zadar\u201d \u2013 Aristotel, 384-322 \u00ee.Hr.<\/strong><\/p>\n<p data-start=\"127\" data-end=\"590\">Acest br\u00e2nz\u0103 este realizat\u0103 <strong data-start=\"155\" data-end=\"173\">\u00een mod natural<\/strong>. Conform filosofului grec antic Aristotel, natura se asigur\u0103 c\u0103 tot ceea ce creeaz\u0103 este \u00eentotdeauna complet \u0219i aduce beneficii cuiva. La fabrica noastr\u0103 de br\u00e2nzeturi, acord\u0103m aten\u021bie men\u021binerii <strong data-start=\"370\" data-end=\"404\">perfec\u021biunii crea\u021biei naturale<\/strong> \u00een beneficiul omului, \u00een br\u00e2nza bogat\u0103 \u0219i nutritiv\u0103 <strong data-start=\"457\" data-end=\"473\">ARISTOTELION<\/strong>. Este preparat\u0103 din <strong data-start=\"494\" data-end=\"542\">lapte proasp\u0103t de capr\u0103 \u0219i oaie, pasteurizat<\/strong>, p\u0103str\u00e2ndu-\u0219i gustul s\u0103u natural \u0219i autentic.<\/p>\n<p data-start=\"127\" data-end=\"590\">\n<p data-start=\"127\" data-end=\"590\"><a href=\"https:\/\/www.stathoris.gr\/#etaireia\"><strong>Istoria companiei\u00a0 ARISTOTELION<\/strong><\/a><\/p>\n<p><span dir=\"auto\">Afacerea a \u00eenceput \u00een 1986 ca o unitate de cre\u0219tere a animalelor, precum \u0219i ca o mic\u0103 fabric\u0103 tradi\u021bional\u0103 de br\u00e2nzeturi, dup\u0103 ce proprietarul, Ioannis Stathoris, a absolvit \u0218coala de Produse Lactate din Ioannina.<\/span><\/p>\n<p><span dir=\"auto\">\u00cen 2005, unitatea tradi\u021bional\u0103 a fost transformat\u0103 \u00eentr-o unitate modern\u0103 pentru produc\u021bia \u0219i comercializarea produselor din br\u00e2nz\u0103. Cu toate acestea, tradi\u021bia a r\u0103mas principiul de baz\u0103 al noilor procese de produc\u021bie care respect\u0103 reguli stricte de igien\u0103, \u00een conformitate cu legisla\u021bia na\u021bional\u0103 \u0219i european\u0103.<\/span><\/p>\n<p><span dir=\"auto\">\u00cen anul 2008, compania \u0219i-a certificat Sistemul de Management al Siguran\u021bei Alimentare conform standardului ISO 22000.<\/span><\/p>\n<p><span dir=\"auto\">Laptele este recoltat de la turmele crescute pe p\u0103\u0219unile din Halkidiki de Nord, departe de instala\u021biile industriale \u0219i aproape de grani\u021bele Muntelui Athos. De ani de zile, furniz\u0103m M\u0103n\u0103stirile din Athos cu produsele noastre pure \u0219i ne baz\u0103m pe judecata tradi\u021bional\u0103 a c\u0103lug\u0103rilor \u00een efortul nostru de a ne perfec\u021biona produsele \u00een fiecare zi, urm\u00e2nd tradi\u021bia.<\/span><\/p>\n<p><span dir=\"auto\">Produsele noastre se remarc\u0103 prin calitate \u0219i gust, cum ar fi Petroto \u0219i Athonite f\u0103cute din lapte proasp\u0103t de capr\u0103, Agiotyri gruyere cu o arom\u0103 bogat\u0103, pe care \u00eel pute\u021bi savura ca Saganaki, Elaiotyri cu ulei \u0219i oregano \u0219i, \u00een final, Piperatos sau afumat cu piper negru \u0219i ro\u0219u.<\/span><\/p>\n<p><span dir=\"auto\">Producem produse pure, f\u0103cute cu dragoste \u0219i pasiune doar cu lapte proasp\u0103t, f\u0103r\u0103 aditivi, cu re\u021bete tradi\u021bionale, dar \u0219i cu mijloace moderne, p\u0103str\u00e2nd gustul \u0219i calitatea pe care toat\u0103 lumea \u0219i le dore\u0219te pe mas\u0103.<\/span><\/p>\n<blockquote>\n<div class=\"wpb_text_column  blockquote-homepage\">\n<div class=\"wpb_wrapper\">\n<blockquote>\n<p class=\"footer_text_under\"><span dir=\"auto\">Urm\u00e2nd tradi\u021biile \u0219i \u00eembin\u00e2nd aromele<\/span><span dir=\"auto\">, cre\u0103m produse din br\u00e2nz\u0103 unice, cu pasiune \u0219i secrete transmise din genera\u021bie \u00een genera\u021bie.<\/span><\/p>\n<\/blockquote>\n<\/div>\n<\/div>\n<div class=\"wpb_text_column  homepage-company\">\n<div class=\"wpb_wrapper\">\n<p><span dir=\"auto\">\u2013 Ioannis Stathoris \u2013<\/span><\/p>\n<\/div>\n<\/div>\n<\/blockquote>\n","protected":false},"featured_media":21912,"comment_status":"open","ping_status":"closed","template":"","meta":[],"product_cat":[142],"product_tag":[474],"class_list":{"0":"post-21647","1":"product","2":"type-product","3":"status-publish","4":"has-post-thumbnail","6":"product_cat-branzeturi","7":"product_tag-branza-de-capra-si-oaie","9":"first","10":"instock","11":"featured","12":"shipping-taxable","13":"purchasable","14":"product-type-variable"},"yoast_head":"<!-- This site is optimized with the Yoast SEO plugin v27.5 - https:\/\/yoast.com\/product\/yoast-seo-wordpress\/ -->\n<title>Br\u00e2nz\u0103 de capr\u0103 \u0219i oaie - Aristoteleion<\/title>\n<meta name=\"description\" content=\"Br\u00e2nz\u0103 de capr\u0103 \u0219i oaie - Aristoteleion | Masline Grecia | Ulei de masline Grecia | Branza feta Grecia | Produse grecesti de calitate | Masline almades\" \/>\n<meta name=\"robots\" content=\"index, follow, max-snippet:-1, max-image-preview:large, max-video-preview:-1\" \/>\n<meta property=\"og:locale\" content=\"ro_RO\" \/>\n<meta property=\"og:type\" content=\"article\" \/>\n<meta property=\"og:title\" content=\"Br\u00e2nz\u0103 de capr\u0103 \u0219i oaie - Aristoteleion\" \/>\n<meta property=\"og:description\" content=\"Br\u00e2nz\u0103 de capr\u0103 \u0219i oaie - Aristoteleion | Masline Grecia | Ulei de masline Grecia | Branza feta Grecia | Produse grecesti de calitate | Masline almades\" \/>\n<meta property=\"og:url\" content=\"https:\/\/shop.elia-gr.ro\/index.php\/product\/branza-de-capra-si-oaie-aristoteleion\/\" \/>\n<meta property=\"og:site_name\" content=\"Elia Grecia\" \/>\n<meta property=\"article:publisher\" content=\"https:\/\/www.facebook.com\/profile.php?id=100063888292671\" \/>\n<meta property=\"article:modified_time\" content=\"2026-02-23T10:56:52+00:00\" \/>\n<meta property=\"og:image\" content=\"https:\/\/shop.elia-gr.ro\/wp-content\/uploads\/2026\/02\/branza.webp\" \/>\n\t<meta property=\"og:image:width\" content=\"1587\" \/>\n\t<meta property=\"og:image:height\" content=\"2245\" \/>\n\t<meta property=\"og:image:type\" content=\"image\/webp\" \/>\n<meta name=\"twitter:card\" content=\"summary_large_image\" \/>\n<meta name=\"twitter:label1\" content=\"Timp estimat pentru citire\" \/>\n\t<meta name=\"twitter:data1\" content=\"1 minut\" \/>\n<!-- \/ Yoast SEO plugin. -->","yoast_head_json":{"title":"Br\u00e2nz\u0103 de capr\u0103 \u0219i oaie - Aristoteleion","description":"Br\u00e2nz\u0103 de capr\u0103 \u0219i oaie - Aristoteleion | Masline Grecia | Ulei de masline Grecia | Branza feta Grecia | Produse grecesti de calitate | Masline almades","robots":{"index":"index","follow":"follow","max-snippet":"max-snippet:-1","max-image-preview":"max-image-preview:large","max-video-preview":"max-video-preview:-1"},"og_locale":"ro_RO","og_type":"article","og_title":"Br\u00e2nz\u0103 de capr\u0103 \u0219i oaie - Aristoteleion","og_description":"Br\u00e2nz\u0103 de capr\u0103 \u0219i oaie - Aristoteleion | Masline Grecia | Ulei de masline Grecia | Branza feta Grecia | Produse grecesti de calitate | Masline almades","og_url":"https:\/\/shop.elia-gr.ro\/index.php\/product\/branza-de-capra-si-oaie-aristoteleion\/","og_site_name":"Elia Grecia","article_publisher":"https:\/\/www.facebook.com\/profile.php?id=100063888292671","article_modified_time":"2026-02-23T10:56:52+00:00","og_image":[{"width":1587,"height":2245,"url":"https:\/\/shop.elia-gr.ro\/wp-content\/uploads\/2026\/02\/branza.webp","type":"image\/webp"}],"twitter_card":"summary_large_image","twitter_misc":{"Timp estimat pentru citire":"1 minut"},"schema":{"@context":"https:\/\/schema.org","@graph":[{"@type":"WebPage","@id":"https:\/\/shop.elia-gr.ro\/index.php\/product\/branza-de-capra-si-oaie-aristoteleion\/","url":"https:\/\/shop.elia-gr.ro\/index.php\/product\/branza-de-capra-si-oaie-aristoteleion\/","name":"Br\u00e2nz\u0103 de capr\u0103 \u0219i oaie - Aristoteleion","isPartOf":{"@id":"https:\/\/shop.elia-gr.ro\/#website"},"primaryImageOfPage":{"@id":"https:\/\/shop.elia-gr.ro\/index.php\/product\/branza-de-capra-si-oaie-aristoteleion\/#primaryimage"},"image":{"@id":"https:\/\/shop.elia-gr.ro\/index.php\/product\/branza-de-capra-si-oaie-aristoteleion\/#primaryimage"},"thumbnailUrl":"https:\/\/shop.elia-gr.ro\/wp-content\/uploads\/2026\/02\/branza.webp","datePublished":"2025-10-27T18:30:44+00:00","dateModified":"2026-02-23T10:56:52+00:00","description":"Br\u00e2nz\u0103 de capr\u0103 \u0219i oaie - Aristoteleion | Masline Grecia | Ulei de masline Grecia | Branza feta Grecia | Produse grecesti de calitate | Masline almades","breadcrumb":{"@id":"https:\/\/shop.elia-gr.ro\/index.php\/product\/branza-de-capra-si-oaie-aristoteleion\/#breadcrumb"},"inLanguage":"ro-RO","potentialAction":[{"@type":"ReadAction","target":["https:\/\/shop.elia-gr.ro\/index.php\/product\/branza-de-capra-si-oaie-aristoteleion\/"]}]},{"@type":"ImageObject","inLanguage":"ro-RO","@id":"https:\/\/shop.elia-gr.ro\/index.php\/product\/branza-de-capra-si-oaie-aristoteleion\/#primaryimage","url":"https:\/\/shop.elia-gr.ro\/wp-content\/uploads\/2026\/02\/branza.webp","contentUrl":"https:\/\/shop.elia-gr.ro\/wp-content\/uploads\/2026\/02\/branza.webp","width":1587,"height":2245,"caption":"Br\u00e2nz\u0103 de capr\u0103 \u0219i oaie"},{"@type":"BreadcrumbList","@id":"https:\/\/shop.elia-gr.ro\/index.php\/product\/branza-de-capra-si-oaie-aristoteleion\/#breadcrumb","itemListElement":[{"@type":"ListItem","position":1,"name":"Home","item":"https:\/\/shop.elia-gr.ro\/"},{"@type":"ListItem","position":2,"name":"Shop","item":"https:\/\/shop.elia-gr.ro\/index.php\/shop\/"},{"@type":"ListItem","position":3,"name":"Br\u00e2nz\u0103 de capr\u0103 \u0219i oaie &#8211; Aristoteleion"}]},{"@type":"WebSite","@id":"https:\/\/shop.elia-gr.ro\/#website","url":"https:\/\/shop.elia-gr.ro\/","name":"Elia Grecia","description":"Cele mai bune produse grece\u0219ti pentru tine!","publisher":{"@id":"https:\/\/shop.elia-gr.ro\/#organization"},"potentialAction":[{"@type":"SearchAction","target":{"@type":"EntryPoint","urlTemplate":"https:\/\/shop.elia-gr.ro\/?s={search_term_string}"},"query-input":{"@type":"PropertyValueSpecification","valueRequired":true,"valueName":"search_term_string"}}],"inLanguage":"ro-RO"},{"@type":"Organization","@id":"https:\/\/shop.elia-gr.ro\/#organization","name":"Elia Grecia","url":"https:\/\/shop.elia-gr.ro\/","logo":{"@type":"ImageObject","inLanguage":"ro-RO","@id":"https:\/\/shop.elia-gr.ro\/#\/schema\/logo\/image\/","url":"https:\/\/shop.elia-gr.ro\/wp-content\/uploads\/2024\/09\/new_logo_elia_shop-1.webp","contentUrl":"https:\/\/shop.elia-gr.ro\/wp-content\/uploads\/2024\/09\/new_logo_elia_shop-1.webp","width":141,"height":50,"caption":"Elia Grecia"},"image":{"@id":"https:\/\/shop.elia-gr.ro\/#\/schema\/logo\/image\/"},"sameAs":["https:\/\/www.facebook.com\/profile.php?id=100063888292671"]}]}},"jetpack_sharing_enabled":true,"_links":{"self":[{"href":"https:\/\/shop.elia-gr.ro\/index.php\/wp-json\/wp\/v2\/product\/21647","targetHints":{"allow":["GET"]}}],"collection":[{"href":"https:\/\/shop.elia-gr.ro\/index.php\/wp-json\/wp\/v2\/product"}],"about":[{"href":"https:\/\/shop.elia-gr.ro\/index.php\/wp-json\/wp\/v2\/types\/product"}],"replies":[{"embeddable":true,"href":"https:\/\/shop.elia-gr.ro\/index.php\/wp-json\/wp\/v2\/comments?post=21647"}],"version-history":[{"count":4,"href":"https:\/\/shop.elia-gr.ro\/index.php\/wp-json\/wp\/v2\/product\/21647\/revisions"}],"predecessor-version":[{"id":21914,"href":"https:\/\/shop.elia-gr.ro\/index.php\/wp-json\/wp\/v2\/product\/21647\/revisions\/21914"}],"wp:featuredmedia":[{"embeddable":true,"href":"https:\/\/shop.elia-gr.ro\/index.php\/wp-json\/wp\/v2\/media\/21912"}],"wp:attachment":[{"href":"https:\/\/shop.elia-gr.ro\/index.php\/wp-json\/wp\/v2\/media?parent=21647"}],"wp:term":[{"taxonomy":"product_cat","embeddable":true,"href":"https:\/\/shop.elia-gr.ro\/index.php\/wp-json\/wp\/v2\/product_cat?post=21647"},{"taxonomy":"product_tag","embeddable":true,"href":"https:\/\/shop.elia-gr.ro\/index.php\/wp-json\/wp\/v2\/product_tag?post=21647"}],"curies":[{"name":"wp","href":"https:\/\/api.w.org\/{rel}","templated":true}]}}