{"id":21878,"date":"2026-02-02T20:46:27","date_gmt":"2026-02-02T18:46:27","guid":{"rendered":"https:\/\/shop.elia-gr.ro\/?post_type=product&#038;p=21878"},"modified":"2026-02-02T20:50:14","modified_gmt":"2026-02-02T18:50:14","slug":"batoane-de-nuci-cu-miere-ciocolata-neagra-si-visine","status":"publish","type":"product","link":"https:\/\/shop.elia-gr.ro\/index.php\/product\/batoane-de-nuci-cu-miere-ciocolata-neagra-si-visine\/","title":{"rendered":"Batoane de nuci cu miere, ciocolat\u0103 neagr\u0103 \u0219i vi\u0219ine"},"content":{"rendered":"","protected":false},"excerpt":{"rendered":"<p>Ciocolata neagr\u0103 cocheteaz\u0103 cu vi\u0219inele amare \u00een acest baton extrem de nutritiv, care te va face s\u0103 te \u00eendr\u0103goste\u0219ti de la prima degustare.<\/p>\n<p><span dir=\"auto\">&#8211; Bogat \u00een fibre<\/span><br \/>\n<span dir=\"auto\">&#8211; F\u0103r\u0103 conservan\u021bi<\/span><br \/>\n<span dir=\"auto\">&#8211; F\u0103r\u0103 ulei de palmier<\/span><br \/>\n<span dir=\"auto\">&#8211; F\u0103r\u0103 gluten<\/span><br \/>\n<span dir=\"auto\">&#8211; F\u0103r\u0103 lactoz\u0103<\/span><br \/>\n<span dir=\"auto\">&#8211; F\u0103r\u0103 produse lactate<\/span><\/p>\n","protected":false},"featured_media":21879,"comment_status":"open","ping_status":"closed","template":"","meta":[],"product_cat":[217],"product_tag":[],"class_list":{"0":"post-21878","1":"product","2":"type-product","3":"status-publish","4":"has-post-thumbnail","6":"product_brand-jannis","7":"product_cat-dulciuri","9":"first","10":"instock","11":"featured","12":"shipping-taxable","13":"purchasable","14":"product-type-simple"},"yoast_head":"<!-- This site is optimized with the Yoast SEO plugin v27.5 - https:\/\/yoast.com\/product\/yoast-seo-wordpress\/ -->\n<title>Batoane de nuci cu miere, ciocolat\u0103 neagr\u0103 \u0219i vi\u0219ine<\/title>\n<meta name=\"description\" content=\"Batoane de nuci cu miere, ciocolat\u0103 neagr\u0103 \u0219i vi\u0219ine\" \/>\n<meta name=\"robots\" content=\"index, follow, max-snippet:-1, max-image-preview:large, max-video-preview:-1\" \/>\n<meta property=\"og:locale\" content=\"ro_RO\" \/>\n<meta property=\"og:type\" content=\"article\" \/>\n<meta property=\"og:title\" content=\"Batoane de nuci cu miere, ciocolat\u0103 neagr\u0103 \u0219i vi\u0219ine\" \/>\n<meta property=\"og:description\" content=\"Batoane de nuci cu miere, ciocolat\u0103 neagr\u0103 \u0219i vi\u0219ine\" \/>\n<meta property=\"og:url\" content=\"https:\/\/shop.elia-gr.ro\/index.php\/product\/batoane-de-nuci-cu-miere-ciocolata-neagra-si-visine\/\" \/>\n<meta property=\"og:site_name\" content=\"Elia Grecia\" \/>\n<meta property=\"article:publisher\" content=\"https:\/\/www.facebook.com\/profile.php?id=100063888292671\" \/>\n<meta property=\"article:modified_time\" content=\"2026-02-02T18:50:14+00:00\" \/>\n<meta property=\"og:image\" content=\"https:\/\/shop.elia-gr.ro\/wp-content\/uploads\/2026\/02\/Jannis-New-Photos-4.webp\" \/>\n\t<meta property=\"og:image:width\" content=\"1140\" \/>\n\t<meta property=\"og:image:height\" content=\"676\" \/>\n\t<meta property=\"og:image:type\" content=\"image\/webp\" \/>\n<meta name=\"twitter:card\" content=\"summary_large_image\" \/>\n<meta name=\"twitter:label1\" content=\"Timp estimat pentru citire\" \/>\n\t<meta name=\"twitter:data1\" content=\"1 minut\" \/>\n<!-- \/ Yoast SEO plugin. -->","yoast_head_json":{"title":"Batoane de nuci cu miere, ciocolat\u0103 neagr\u0103 \u0219i vi\u0219ine","description":"Batoane de nuci cu miere, ciocolat\u0103 neagr\u0103 \u0219i vi\u0219ine","robots":{"index":"index","follow":"follow","max-snippet":"max-snippet:-1","max-image-preview":"max-image-preview:large","max-video-preview":"max-video-preview:-1"},"og_locale":"ro_RO","og_type":"article","og_title":"Batoane de nuci cu miere, ciocolat\u0103 neagr\u0103 \u0219i vi\u0219ine","og_description":"Batoane de nuci cu miere, ciocolat\u0103 neagr\u0103 \u0219i vi\u0219ine","og_url":"https:\/\/shop.elia-gr.ro\/index.php\/product\/batoane-de-nuci-cu-miere-ciocolata-neagra-si-visine\/","og_site_name":"Elia Grecia","article_publisher":"https:\/\/www.facebook.com\/profile.php?id=100063888292671","article_modified_time":"2026-02-02T18:50:14+00:00","og_image":[{"width":1140,"height":676,"url":"https:\/\/shop.elia-gr.ro\/wp-content\/uploads\/2026\/02\/Jannis-New-Photos-4.webp","type":"image\/webp"}],"twitter_card":"summary_large_image","twitter_misc":{"Timp estimat pentru citire":"1 minut"},"schema":{"@context":"https:\/\/schema.org","@graph":[{"@type":"WebPage","@id":"https:\/\/shop.elia-gr.ro\/index.php\/product\/batoane-de-nuci-cu-miere-ciocolata-neagra-si-visine\/","url":"https:\/\/shop.elia-gr.ro\/index.php\/product\/batoane-de-nuci-cu-miere-ciocolata-neagra-si-visine\/","name":"Batoane de nuci cu miere, ciocolat\u0103 neagr\u0103 \u0219i vi\u0219ine","isPartOf":{"@id":"https:\/\/shop.elia-gr.ro\/#website"},"primaryImageOfPage":{"@id":"https:\/\/shop.elia-gr.ro\/index.php\/product\/batoane-de-nuci-cu-miere-ciocolata-neagra-si-visine\/#primaryimage"},"image":{"@id":"https:\/\/shop.elia-gr.ro\/index.php\/product\/batoane-de-nuci-cu-miere-ciocolata-neagra-si-visine\/#primaryimage"},"thumbnailUrl":"https:\/\/shop.elia-gr.ro\/wp-content\/uploads\/2026\/02\/Jannis-New-Photos-4.webp","datePublished":"2026-02-02T18:46:27+00:00","dateModified":"2026-02-02T18:50:14+00:00","description":"Batoane de nuci cu miere, ciocolat\u0103 neagr\u0103 \u0219i vi\u0219ine","breadcrumb":{"@id":"https:\/\/shop.elia-gr.ro\/index.php\/product\/batoane-de-nuci-cu-miere-ciocolata-neagra-si-visine\/#breadcrumb"},"inLanguage":"ro-RO","potentialAction":[{"@type":"ReadAction","target":["https:\/\/shop.elia-gr.ro\/index.php\/product\/batoane-de-nuci-cu-miere-ciocolata-neagra-si-visine\/"]}]},{"@type":"ImageObject","inLanguage":"ro-RO","@id":"https:\/\/shop.elia-gr.ro\/index.php\/product\/batoane-de-nuci-cu-miere-ciocolata-neagra-si-visine\/#primaryimage","url":"https:\/\/shop.elia-gr.ro\/wp-content\/uploads\/2026\/02\/Jannis-New-Photos-4.webp","contentUrl":"https:\/\/shop.elia-gr.ro\/wp-content\/uploads\/2026\/02\/Jannis-New-Photos-4.webp","width":1140,"height":676,"caption":"Batoane de nuci cu miere, ciocolat\u0103 neagr\u0103 \u0219i vi\u0219ine"},{"@type":"BreadcrumbList","@id":"https:\/\/shop.elia-gr.ro\/index.php\/product\/batoane-de-nuci-cu-miere-ciocolata-neagra-si-visine\/#breadcrumb","itemListElement":[{"@type":"ListItem","position":1,"name":"Home","item":"https:\/\/shop.elia-gr.ro\/"},{"@type":"ListItem","position":2,"name":"Shop","item":"https:\/\/shop.elia-gr.ro\/index.php\/shop\/"},{"@type":"ListItem","position":3,"name":"Batoane de nuci cu miere, ciocolat\u0103 neagr\u0103 \u0219i vi\u0219ine"}]},{"@type":"WebSite","@id":"https:\/\/shop.elia-gr.ro\/#website","url":"https:\/\/shop.elia-gr.ro\/","name":"Elia Grecia","description":"Cele mai bune produse grece\u0219ti pentru tine!","publisher":{"@id":"https:\/\/shop.elia-gr.ro\/#organization"},"potentialAction":[{"@type":"SearchAction","target":{"@type":"EntryPoint","urlTemplate":"https:\/\/shop.elia-gr.ro\/?s={search_term_string}"},"query-input":{"@type":"PropertyValueSpecification","valueRequired":true,"valueName":"search_term_string"}}],"inLanguage":"ro-RO"},{"@type":"Organization","@id":"https:\/\/shop.elia-gr.ro\/#organization","name":"Elia Grecia","url":"https:\/\/shop.elia-gr.ro\/","logo":{"@type":"ImageObject","inLanguage":"ro-RO","@id":"https:\/\/shop.elia-gr.ro\/#\/schema\/logo\/image\/","url":"https:\/\/shop.elia-gr.ro\/wp-content\/uploads\/2024\/09\/new_logo_elia_shop-1.webp","contentUrl":"https:\/\/shop.elia-gr.ro\/wp-content\/uploads\/2024\/09\/new_logo_elia_shop-1.webp","width":141,"height":50,"caption":"Elia Grecia"},"image":{"@id":"https:\/\/shop.elia-gr.ro\/#\/schema\/logo\/image\/"},"sameAs":["https:\/\/www.facebook.com\/profile.php?id=100063888292671"]}]}},"jetpack_sharing_enabled":true,"_links":{"self":[{"href":"https:\/\/shop.elia-gr.ro\/index.php\/wp-json\/wp\/v2\/product\/21878","targetHints":{"allow":["GET"]}}],"collection":[{"href":"https:\/\/shop.elia-gr.ro\/index.php\/wp-json\/wp\/v2\/product"}],"about":[{"href":"https:\/\/shop.elia-gr.ro\/index.php\/wp-json\/wp\/v2\/types\/product"}],"replies":[{"embeddable":true,"href":"https:\/\/shop.elia-gr.ro\/index.php\/wp-json\/wp\/v2\/comments?post=21878"}],"version-history":[{"count":1,"href":"https:\/\/shop.elia-gr.ro\/index.php\/wp-json\/wp\/v2\/product\/21878\/revisions"}],"predecessor-version":[{"id":21881,"href":"https:\/\/shop.elia-gr.ro\/index.php\/wp-json\/wp\/v2\/product\/21878\/revisions\/21881"}],"wp:featuredmedia":[{"embeddable":true,"href":"https:\/\/shop.elia-gr.ro\/index.php\/wp-json\/wp\/v2\/media\/21879"}],"wp:attachment":[{"href":"https:\/\/shop.elia-gr.ro\/index.php\/wp-json\/wp\/v2\/media?parent=21878"}],"wp:term":[{"taxonomy":"product_cat","embeddable":true,"href":"https:\/\/shop.elia-gr.ro\/index.php\/wp-json\/wp\/v2\/product_cat?post=21878"},{"taxonomy":"product_tag","embeddable":true,"href":"https:\/\/shop.elia-gr.ro\/index.php\/wp-json\/wp\/v2\/product_tag?post=21878"}],"curies":[{"name":"wp","href":"https:\/\/api.w.org\/{rel}","templated":true}]}}