{"id":21977,"date":"2026-03-24T15:56:13","date_gmt":"2026-03-24T13:56:13","guid":{"rendered":"https:\/\/shop.elia-gr.ro\/?post_type=product&#038;p=21977"},"modified":"2026-03-24T16:07:27","modified_gmt":"2026-03-24T14:07:27","slug":"orzo-tricolor-paste-grecesti-facute-manual","status":"publish","type":"product","link":"https:\/\/shop.elia-gr.ro\/index.php\/product\/orzo-tricolor-paste-grecesti-facute-manual\/","title":{"rendered":"Orzo tricolor (paste grece\u0219ti f\u0103cute manual)"},"content":{"rendered":"","protected":false},"excerpt":{"rendered":"<div><strong>500 g<\/strong><\/div>\n<div><\/div>\n<div><em>Cum se fac\u00a0pastele\u00a0\u00een stil grecesc kritharaki<\/em><\/div>\n<div><\/div>\n<div>Pastele orzo sunt paste de forma mica si rotunda, asemanatoare cu boabele de orz. Ele sunt adesea folosite in bucataria italiana si mediteraneana, fiind folosite in diverse retete de supe, salate sau ca garnitura pentru diverse feluri de mancare. Fiind extrem de versatile, ele pot fi combinate cu diverse legume, carne sau sosuri pentru a crea mancaruri delicioase si bogate\u00a0in\u00a0nutrienti.<\/div>\n<div><\/div>\n<div>\n<div>Idei de preparate grece\u0219ti cu orzo:<button aria-label=\"Vezi linkuri conexe\"><\/button><\/div>\n<ul>\n<li>Orzo cu Pui \u0219i Sos de Ro\u0219ii:\u00a0O m\u00e2ncare consistent\u0103, unde puiul este g\u0103tit \u00eentr-un sos de ro\u0219ii cu usturoi, ceap\u0103 \u0219i orzo.<\/li>\n<li>Orzo cu Fructe de Mare:\u00a0Orzo g\u0103tit cu creve\u021bi, fructe de mare \u0219i ierburi aromatice.<\/li>\n<li>Salat\u0103 de Orzo:\u00a0Orzo fiert \u0219i r\u0103cit, amestecat cu legume proaspete (ro\u0219ii, castrave\u021bi), br\u00e2nz\u0103 feta \u0219i m\u0103sline.<\/li>\n<li>Orzo cu L\u0103m\u00e2ie \u0219i M\u0103rar:\u00a0O variant\u0103 proasp\u0103t\u0103 \u0219i simpl\u0103, ideal\u0103 ca garnitur\u0103.<span aria-hidden=\"true\">\u00a0<\/span><\/li>\n<\/ul>\n<\/div>\n","protected":false},"featured_media":21978,"comment_status":"open","ping_status":"closed","template":"","meta":[],"product_cat":[241],"product_tag":[],"class_list":{"0":"post-21977","1":"product","2":"type-product","3":"status-publish","4":"has-post-thumbnail","6":"product_cat-paste-faina-orez","8":"first","9":"instock","10":"featured","11":"shipping-taxable","12":"purchasable","13":"product-type-simple"},"yoast_head":"<!-- This site is optimized with the Yoast SEO plugin v27.5 - https:\/\/yoast.com\/product\/yoast-seo-wordpress\/ -->\n<title>Orzo tricolor (paste grece\u0219ti f\u0103cute manual)<\/title>\n<meta name=\"description\" content=\"Orzo tricolor (paste grece\u0219ti f\u0103cute manual). Pastele orzo sunt paste de forma mica si rotunda, asemanatoare cu boabele de orz.\" \/>\n<meta name=\"robots\" content=\"index, follow, max-snippet:-1, max-image-preview:large, max-video-preview:-1\" \/>\n<meta property=\"og:locale\" content=\"ro_RO\" \/>\n<meta property=\"og:type\" content=\"article\" \/>\n<meta property=\"og:title\" content=\"Orzo tricolor (paste grece\u0219ti f\u0103cute manual)\" \/>\n<meta property=\"og:description\" content=\"Orzo tricolor (paste grece\u0219ti f\u0103cute manual). Pastele orzo sunt paste de forma mica si rotunda, asemanatoare cu boabele de orz.\" \/>\n<meta property=\"og:url\" content=\"https:\/\/shop.elia-gr.ro\/index.php\/product\/orzo-tricolor-paste-grecesti-facute-manual\/\" \/>\n<meta property=\"og:site_name\" content=\"Elia Grecia\" \/>\n<meta property=\"article:publisher\" content=\"https:\/\/www.facebook.com\/profile.php?id=100063888292671\" \/>\n<meta property=\"article:modified_time\" content=\"2026-03-24T14:07:27+00:00\" \/>\n<meta property=\"og:image\" content=\"https:\/\/shop.elia-gr.ro\/wp-content\/uploads\/2026\/03\/ophellia-pasta-PA544.jpg\" \/>\n\t<meta property=\"og:image:width\" content=\"686\" \/>\n\t<meta property=\"og:image:height\" content=\"686\" \/>\n\t<meta property=\"og:image:type\" content=\"image\/jpeg\" \/>\n<meta name=\"twitter:card\" content=\"summary_large_image\" \/>\n<meta name=\"twitter:label1\" content=\"Timp estimat pentru citire\" \/>\n\t<meta name=\"twitter:data1\" content=\"1 minut\" \/>\n<!-- \/ Yoast SEO plugin. -->","yoast_head_json":{"title":"Orzo tricolor (paste grece\u0219ti f\u0103cute manual)","description":"Orzo tricolor (paste grece\u0219ti f\u0103cute manual). Pastele orzo sunt paste de forma mica si rotunda, asemanatoare cu boabele de orz.","robots":{"index":"index","follow":"follow","max-snippet":"max-snippet:-1","max-image-preview":"max-image-preview:large","max-video-preview":"max-video-preview:-1"},"og_locale":"ro_RO","og_type":"article","og_title":"Orzo tricolor (paste grece\u0219ti f\u0103cute manual)","og_description":"Orzo tricolor (paste grece\u0219ti f\u0103cute manual). Pastele orzo sunt paste de forma mica si rotunda, asemanatoare cu boabele de orz.","og_url":"https:\/\/shop.elia-gr.ro\/index.php\/product\/orzo-tricolor-paste-grecesti-facute-manual\/","og_site_name":"Elia Grecia","article_publisher":"https:\/\/www.facebook.com\/profile.php?id=100063888292671","article_modified_time":"2026-03-24T14:07:27+00:00","og_image":[{"width":686,"height":686,"url":"https:\/\/shop.elia-gr.ro\/wp-content\/uploads\/2026\/03\/ophellia-pasta-PA544.jpg","type":"image\/jpeg"}],"twitter_card":"summary_large_image","twitter_misc":{"Timp estimat pentru citire":"1 minut"},"schema":{"@context":"https:\/\/schema.org","@graph":[{"@type":"WebPage","@id":"https:\/\/shop.elia-gr.ro\/index.php\/product\/orzo-tricolor-paste-grecesti-facute-manual\/","url":"https:\/\/shop.elia-gr.ro\/index.php\/product\/orzo-tricolor-paste-grecesti-facute-manual\/","name":"Orzo tricolor (paste grece\u0219ti f\u0103cute manual)","isPartOf":{"@id":"https:\/\/shop.elia-gr.ro\/#website"},"primaryImageOfPage":{"@id":"https:\/\/shop.elia-gr.ro\/index.php\/product\/orzo-tricolor-paste-grecesti-facute-manual\/#primaryimage"},"image":{"@id":"https:\/\/shop.elia-gr.ro\/index.php\/product\/orzo-tricolor-paste-grecesti-facute-manual\/#primaryimage"},"thumbnailUrl":"https:\/\/shop.elia-gr.ro\/wp-content\/uploads\/2026\/03\/ophellia-pasta-PA544.jpg","datePublished":"2026-03-24T13:56:13+00:00","dateModified":"2026-03-24T14:07:27+00:00","description":"Orzo tricolor (paste grece\u0219ti f\u0103cute manual). Pastele orzo sunt paste de forma mica si rotunda, asemanatoare cu boabele de orz.","breadcrumb":{"@id":"https:\/\/shop.elia-gr.ro\/index.php\/product\/orzo-tricolor-paste-grecesti-facute-manual\/#breadcrumb"},"inLanguage":"ro-RO","potentialAction":[{"@type":"ReadAction","target":["https:\/\/shop.elia-gr.ro\/index.php\/product\/orzo-tricolor-paste-grecesti-facute-manual\/"]}]},{"@type":"ImageObject","inLanguage":"ro-RO","@id":"https:\/\/shop.elia-gr.ro\/index.php\/product\/orzo-tricolor-paste-grecesti-facute-manual\/#primaryimage","url":"https:\/\/shop.elia-gr.ro\/wp-content\/uploads\/2026\/03\/ophellia-pasta-PA544.jpg","contentUrl":"https:\/\/shop.elia-gr.ro\/wp-content\/uploads\/2026\/03\/ophellia-pasta-PA544.jpg","width":686,"height":686,"caption":"Orzo tricolor (paste grece\u0219ti f\u0103cute manual)"},{"@type":"BreadcrumbList","@id":"https:\/\/shop.elia-gr.ro\/index.php\/product\/orzo-tricolor-paste-grecesti-facute-manual\/#breadcrumb","itemListElement":[{"@type":"ListItem","position":1,"name":"Home","item":"https:\/\/shop.elia-gr.ro\/"},{"@type":"ListItem","position":2,"name":"Shop","item":"https:\/\/shop.elia-gr.ro\/index.php\/shop\/"},{"@type":"ListItem","position":3,"name":"Orzo tricolor (paste grece\u0219ti f\u0103cute manual)"}]},{"@type":"WebSite","@id":"https:\/\/shop.elia-gr.ro\/#website","url":"https:\/\/shop.elia-gr.ro\/","name":"Elia Grecia","description":"Cele mai bune produse grece\u0219ti pentru tine!","publisher":{"@id":"https:\/\/shop.elia-gr.ro\/#organization"},"potentialAction":[{"@type":"SearchAction","target":{"@type":"EntryPoint","urlTemplate":"https:\/\/shop.elia-gr.ro\/?s={search_term_string}"},"query-input":{"@type":"PropertyValueSpecification","valueRequired":true,"valueName":"search_term_string"}}],"inLanguage":"ro-RO"},{"@type":"Organization","@id":"https:\/\/shop.elia-gr.ro\/#organization","name":"Elia Grecia","url":"https:\/\/shop.elia-gr.ro\/","logo":{"@type":"ImageObject","inLanguage":"ro-RO","@id":"https:\/\/shop.elia-gr.ro\/#\/schema\/logo\/image\/","url":"https:\/\/shop.elia-gr.ro\/wp-content\/uploads\/2024\/09\/new_logo_elia_shop-1.webp","contentUrl":"https:\/\/shop.elia-gr.ro\/wp-content\/uploads\/2024\/09\/new_logo_elia_shop-1.webp","width":141,"height":50,"caption":"Elia Grecia"},"image":{"@id":"https:\/\/shop.elia-gr.ro\/#\/schema\/logo\/image\/"},"sameAs":["https:\/\/www.facebook.com\/profile.php?id=100063888292671"]}]}},"jetpack_sharing_enabled":true,"_links":{"self":[{"href":"https:\/\/shop.elia-gr.ro\/index.php\/wp-json\/wp\/v2\/product\/21977","targetHints":{"allow":["GET"]}}],"collection":[{"href":"https:\/\/shop.elia-gr.ro\/index.php\/wp-json\/wp\/v2\/product"}],"about":[{"href":"https:\/\/shop.elia-gr.ro\/index.php\/wp-json\/wp\/v2\/types\/product"}],"replies":[{"embeddable":true,"href":"https:\/\/shop.elia-gr.ro\/index.php\/wp-json\/wp\/v2\/comments?post=21977"}],"version-history":[{"count":1,"href":"https:\/\/shop.elia-gr.ro\/index.php\/wp-json\/wp\/v2\/product\/21977\/revisions"}],"predecessor-version":[{"id":21979,"href":"https:\/\/shop.elia-gr.ro\/index.php\/wp-json\/wp\/v2\/product\/21977\/revisions\/21979"}],"wp:featuredmedia":[{"embeddable":true,"href":"https:\/\/shop.elia-gr.ro\/index.php\/wp-json\/wp\/v2\/media\/21978"}],"wp:attachment":[{"href":"https:\/\/shop.elia-gr.ro\/index.php\/wp-json\/wp\/v2\/media?parent=21977"}],"wp:term":[{"taxonomy":"product_cat","embeddable":true,"href":"https:\/\/shop.elia-gr.ro\/index.php\/wp-json\/wp\/v2\/product_cat?post=21977"},{"taxonomy":"product_tag","embeddable":true,"href":"https:\/\/shop.elia-gr.ro\/index.php\/wp-json\/wp\/v2\/product_tag?post=21977"}],"curies":[{"name":"wp","href":"https:\/\/api.w.org\/{rel}","templated":true}]}}