{"id":21980,"date":"2026-03-24T16:08:54","date_gmt":"2026-03-24T14:08:54","guid":{"rendered":"https:\/\/shop.elia-gr.ro\/?post_type=product&#038;p=21980"},"modified":"2026-03-27T21:22:11","modified_gmt":"2026-03-27T19:22:11","slug":"ulei-de-masline-extravirgin-nefiltrat","status":"publish","type":"product","link":"https:\/\/shop.elia-gr.ro\/index.php\/product\/ulei-de-masline-extravirgin-nefiltrat\/","title":{"rendered":"Ulei de m\u0103sline extravirgin nefiltrat"},"content":{"rendered":"","protected":false},"excerpt":{"rendered":"<p><span dir=\"auto\">Uleiul de m\u0103sline extravirgin nefiltrat este un ulei pur nefiltrat, bogat \u00een sedimente \u0219i nutrien\u021bi naturali. Este produs din m\u0103sline proaspete prin presare la rece, oferind arome intense de fructe, corp plin \u0219i note de m\u0103sline proasp\u0103t culese. Ideal pentru utilizare \u00een stare crud\u0103 \u0219i degustare.<\/span><\/p>\n<p><span dir=\"auto\">Gustul autentic al m\u0103slinelor proaspete \u00eentr-un pachet familial.<\/span><\/p>\n<p><span dir=\"auto\">Uleiul nefiltrat <\/span><span dir=\"auto\">este produs prin presare la rece din m\u0103sline proaspete, selectate \u0219i r\u0103m\u00e2ne crud, p\u0103str\u00e2ndu-\u0219i sedimentele naturale \u0219i to\u021bi nutrien\u021bii.<\/span><\/p>\n<p><span dir=\"auto\">Se remarc\u0103 prin corpul s\u0103u plin, aroma intens\u0103 fructat\u0103 \u0219i aromele de m\u0103sline proasp\u0103t culese. Ideal pentru cei care caut\u0103 experien\u021ba gustativ\u0103 autentic\u0103 &#8211; \u00een salate, sosuri, degust\u0103ri \u0219i alimenta\u021bia s\u0103n\u0103toas\u0103 zilnic\u0103.<\/span><\/p>\n<p><span dir=\"auto\">Uleiul Ophellia <\/span><span dir=\"auto\">este uleiul care nu ascunde nimic \u2013 \u0219i chiar o face de minune! Cu sedimente naturale \u0219i o arom\u0103 incredibil\u0103, e ca \u0219i cum tocmai l-ai scos din moar\u0103.<\/span><\/p>\n<p><span dir=\"auto\">\u00cenmuia\u021bi, turna\u021bi, gusta\u021bi \u2013 este plin de arome, corp \u0219i m\u0103sline proaspete. Pentru cei care m\u0103n\u00e2nc\u0103 s\u0103n\u0103tos \u0219i g\u00e2ndesc s\u0103n\u0103tos!<\/span><\/p>\n","protected":false},"featured_media":21981,"comment_status":"open","ping_status":"closed","template":"","meta":[],"product_cat":[141],"product_tag":[484,485],"class_list":{"0":"post-21980","1":"product","2":"type-product","3":"status-publish","4":"has-post-thumbnail","6":"product_brand-ophellia","7":"product_cat-ulei-de-masline","8":"product_tag-ulei-de-masline","9":"product_tag-ulei-nefiltrat","11":"first","12":"instock","13":"featured","14":"shipping-taxable","15":"purchasable","16":"product-type-variable"},"yoast_head":"<!-- This site is optimized with the Yoast SEO plugin v27.5 - https:\/\/yoast.com\/product\/yoast-seo-wordpress\/ -->\n<title>Ulei de m\u0103sline extravirgin nefiltrat<\/title>\n<meta name=\"description\" content=\"Ulei de m\u0103sline extravirgin nefiltrat. Se remarc\u0103 prin corpul s\u0103u plin, aroma intens\u0103 fructat\u0103 \u0219i aromele de m\u0103sline proasp\u0103t culese.\" \/>\n<meta name=\"robots\" content=\"index, follow, max-snippet:-1, max-image-preview:large, max-video-preview:-1\" \/>\n<meta property=\"og:locale\" content=\"ro_RO\" \/>\n<meta property=\"og:type\" content=\"article\" \/>\n<meta property=\"og:title\" content=\"Ulei de m\u0103sline extravirgin nefiltrat\" \/>\n<meta property=\"og:description\" content=\"Ulei de m\u0103sline extravirgin nefiltrat. Se remarc\u0103 prin corpul s\u0103u plin, aroma intens\u0103 fructat\u0103 \u0219i aromele de m\u0103sline proasp\u0103t culese.\" \/>\n<meta property=\"og:url\" content=\"https:\/\/shop.elia-gr.ro\/index.php\/product\/ulei-de-masline-extravirgin-nefiltrat\/\" \/>\n<meta property=\"og:site_name\" content=\"Elia Grecia\" \/>\n<meta property=\"article:publisher\" content=\"https:\/\/www.facebook.com\/profile.php?id=100063888292671\" \/>\n<meta property=\"article:modified_time\" content=\"2026-03-27T19:22:11+00:00\" \/>\n<meta property=\"og:image\" content=\"https:\/\/shop.elia-gr.ro\/wp-content\/uploads\/2026\/03\/ophellia-olive-oil-XV550.jpg\" \/>\n\t<meta property=\"og:image:width\" content=\"686\" \/>\n\t<meta property=\"og:image:height\" content=\"686\" \/>\n\t<meta property=\"og:image:type\" content=\"image\/jpeg\" \/>\n<meta name=\"twitter:card\" content=\"summary_large_image\" \/>\n<meta name=\"twitter:label1\" content=\"Timp estimat pentru citire\" \/>\n\t<meta name=\"twitter:data1\" content=\"1 minut\" \/>\n<!-- \/ Yoast SEO plugin. -->","yoast_head_json":{"title":"Ulei de m\u0103sline extravirgin nefiltrat","description":"Ulei de m\u0103sline extravirgin nefiltrat. Se remarc\u0103 prin corpul s\u0103u plin, aroma intens\u0103 fructat\u0103 \u0219i aromele de m\u0103sline proasp\u0103t culese.","robots":{"index":"index","follow":"follow","max-snippet":"max-snippet:-1","max-image-preview":"max-image-preview:large","max-video-preview":"max-video-preview:-1"},"og_locale":"ro_RO","og_type":"article","og_title":"Ulei de m\u0103sline extravirgin nefiltrat","og_description":"Ulei de m\u0103sline extravirgin nefiltrat. Se remarc\u0103 prin corpul s\u0103u plin, aroma intens\u0103 fructat\u0103 \u0219i aromele de m\u0103sline proasp\u0103t culese.","og_url":"https:\/\/shop.elia-gr.ro\/index.php\/product\/ulei-de-masline-extravirgin-nefiltrat\/","og_site_name":"Elia Grecia","article_publisher":"https:\/\/www.facebook.com\/profile.php?id=100063888292671","article_modified_time":"2026-03-27T19:22:11+00:00","og_image":[{"width":686,"height":686,"url":"https:\/\/shop.elia-gr.ro\/wp-content\/uploads\/2026\/03\/ophellia-olive-oil-XV550.jpg","type":"image\/jpeg"}],"twitter_card":"summary_large_image","twitter_misc":{"Timp estimat pentru citire":"1 minut"},"schema":{"@context":"https:\/\/schema.org","@graph":[{"@type":"WebPage","@id":"https:\/\/shop.elia-gr.ro\/index.php\/product\/ulei-de-masline-extravirgin-nefiltrat\/","url":"https:\/\/shop.elia-gr.ro\/index.php\/product\/ulei-de-masline-extravirgin-nefiltrat\/","name":"Ulei de m\u0103sline extravirgin nefiltrat","isPartOf":{"@id":"https:\/\/shop.elia-gr.ro\/#website"},"primaryImageOfPage":{"@id":"https:\/\/shop.elia-gr.ro\/index.php\/product\/ulei-de-masline-extravirgin-nefiltrat\/#primaryimage"},"image":{"@id":"https:\/\/shop.elia-gr.ro\/index.php\/product\/ulei-de-masline-extravirgin-nefiltrat\/#primaryimage"},"thumbnailUrl":"https:\/\/shop.elia-gr.ro\/wp-content\/uploads\/2026\/03\/ophellia-olive-oil-XV550.jpg","datePublished":"2026-03-24T14:08:54+00:00","dateModified":"2026-03-27T19:22:11+00:00","description":"Ulei de m\u0103sline extravirgin nefiltrat. Se remarc\u0103 prin corpul s\u0103u plin, aroma intens\u0103 fructat\u0103 \u0219i aromele de m\u0103sline proasp\u0103t culese.","breadcrumb":{"@id":"https:\/\/shop.elia-gr.ro\/index.php\/product\/ulei-de-masline-extravirgin-nefiltrat\/#breadcrumb"},"inLanguage":"ro-RO","potentialAction":[{"@type":"ReadAction","target":["https:\/\/shop.elia-gr.ro\/index.php\/product\/ulei-de-masline-extravirgin-nefiltrat\/"]}]},{"@type":"ImageObject","inLanguage":"ro-RO","@id":"https:\/\/shop.elia-gr.ro\/index.php\/product\/ulei-de-masline-extravirgin-nefiltrat\/#primaryimage","url":"https:\/\/shop.elia-gr.ro\/wp-content\/uploads\/2026\/03\/ophellia-olive-oil-XV550.jpg","contentUrl":"https:\/\/shop.elia-gr.ro\/wp-content\/uploads\/2026\/03\/ophellia-olive-oil-XV550.jpg","width":686,"height":686,"caption":"ulei de masline nefiltrat"},{"@type":"BreadcrumbList","@id":"https:\/\/shop.elia-gr.ro\/index.php\/product\/ulei-de-masline-extravirgin-nefiltrat\/#breadcrumb","itemListElement":[{"@type":"ListItem","position":1,"name":"Home","item":"https:\/\/shop.elia-gr.ro\/"},{"@type":"ListItem","position":2,"name":"Shop","item":"https:\/\/shop.elia-gr.ro\/index.php\/shop\/"},{"@type":"ListItem","position":3,"name":"Ulei de m\u0103sline extravirgin nefiltrat"}]},{"@type":"WebSite","@id":"https:\/\/shop.elia-gr.ro\/#website","url":"https:\/\/shop.elia-gr.ro\/","name":"Elia Grecia","description":"Cele mai bune produse grece\u0219ti pentru tine!","publisher":{"@id":"https:\/\/shop.elia-gr.ro\/#organization"},"potentialAction":[{"@type":"SearchAction","target":{"@type":"EntryPoint","urlTemplate":"https:\/\/shop.elia-gr.ro\/?s={search_term_string}"},"query-input":{"@type":"PropertyValueSpecification","valueRequired":true,"valueName":"search_term_string"}}],"inLanguage":"ro-RO"},{"@type":"Organization","@id":"https:\/\/shop.elia-gr.ro\/#organization","name":"Elia Grecia","url":"https:\/\/shop.elia-gr.ro\/","logo":{"@type":"ImageObject","inLanguage":"ro-RO","@id":"https:\/\/shop.elia-gr.ro\/#\/schema\/logo\/image\/","url":"https:\/\/shop.elia-gr.ro\/wp-content\/uploads\/2024\/09\/new_logo_elia_shop-1.webp","contentUrl":"https:\/\/shop.elia-gr.ro\/wp-content\/uploads\/2024\/09\/new_logo_elia_shop-1.webp","width":141,"height":50,"caption":"Elia Grecia"},"image":{"@id":"https:\/\/shop.elia-gr.ro\/#\/schema\/logo\/image\/"},"sameAs":["https:\/\/www.facebook.com\/profile.php?id=100063888292671"]}]}},"jetpack_sharing_enabled":true,"_links":{"self":[{"href":"https:\/\/shop.elia-gr.ro\/index.php\/wp-json\/wp\/v2\/product\/21980","targetHints":{"allow":["GET"]}}],"collection":[{"href":"https:\/\/shop.elia-gr.ro\/index.php\/wp-json\/wp\/v2\/product"}],"about":[{"href":"https:\/\/shop.elia-gr.ro\/index.php\/wp-json\/wp\/v2\/types\/product"}],"replies":[{"embeddable":true,"href":"https:\/\/shop.elia-gr.ro\/index.php\/wp-json\/wp\/v2\/comments?post=21980"}],"version-history":[{"count":2,"href":"https:\/\/shop.elia-gr.ro\/index.php\/wp-json\/wp\/v2\/product\/21980\/revisions"}],"predecessor-version":[{"id":21990,"href":"https:\/\/shop.elia-gr.ro\/index.php\/wp-json\/wp\/v2\/product\/21980\/revisions\/21990"}],"wp:featuredmedia":[{"embeddable":true,"href":"https:\/\/shop.elia-gr.ro\/index.php\/wp-json\/wp\/v2\/media\/21981"}],"wp:attachment":[{"href":"https:\/\/shop.elia-gr.ro\/index.php\/wp-json\/wp\/v2\/media?parent=21980"}],"wp:term":[{"taxonomy":"product_cat","embeddable":true,"href":"https:\/\/shop.elia-gr.ro\/index.php\/wp-json\/wp\/v2\/product_cat?post=21980"},{"taxonomy":"product_tag","embeddable":true,"href":"https:\/\/shop.elia-gr.ro\/index.php\/wp-json\/wp\/v2\/product_tag?post=21980"}],"curies":[{"name":"wp","href":"https:\/\/api.w.org\/{rel}","templated":true}]}}